Last updated on 2020-01-20 01:50:36 CET.
Flavor | Version | Tinstall | Tcheck | Ttotal | Status | Flags |
---|---|---|---|---|---|---|
r-devel-linux-x86_64-debian-clang | 0.1.0 | 7.27 | 67.43 | 74.70 | OK | |
r-devel-linux-x86_64-debian-gcc | 0.1.0 | 5.69 | 51.89 | 57.58 | OK | |
r-devel-linux-x86_64-fedora-clang | 0.1.0 | 90.67 | NOTE | |||
r-devel-linux-x86_64-fedora-gcc | 0.1.0 | 87.60 | NOTE | |||
r-devel-windows-ix86+x86_64 | 0.1.0 | 20.00 | 106.00 | 126.00 | OK | |
r-devel-windows-ix86+x86_64-gcc8 | 0.1.0 | 15.00 | 100.00 | 115.00 | OK | |
r-patched-linux-x86_64 | 0.1.0 | 6.21 | 59.74 | 65.95 | OK | |
r-patched-solaris-x86 | 0.1.0 | 133.00 | NOTE | |||
r-release-linux-x86_64 | 0.1.0 | 6.32 | 59.23 | 65.55 | OK | |
r-release-windows-ix86+x86_64 | 0.1.0 | 16.00 | 74.00 | 90.00 | OK | |
r-release-osx-x86_64 | 0.1.0 | NOTE | ||||
r-oldrel-windows-ix86+x86_64 | 0.1.0 | 7.00 | 65.00 | 72.00 | OK | |
r-oldrel-osx-x86_64 | 0.1.0 | NOTE |
Version: 0.1.0
Check: data for non-ASCII characters
Result: NOTE
Note: found 2 marked UTF-8 strings
Flavors: r-devel-linux-x86_64-fedora-clang, r-devel-linux-x86_64-fedora-gcc, r-patched-solaris-x86, r-release-osx-x86_64, r-oldrel-osx-x86_64