CRAN Package Check Results for Package svglite

Last updated on 2020-01-20 01:50:37 CET.

Flavor Version Tinstall Tcheck Ttotal Status Flags
r-devel-linux-x86_64-debian-clang 1.2.2 22.36 37.67 60.03 NOTE
r-devel-linux-x86_64-debian-gcc 1.2.2 14.67 30.33 45.00 NOTE
r-devel-linux-x86_64-fedora-clang 1.2.2 78.49 NOTE
r-devel-linux-x86_64-fedora-gcc 1.2.2 74.55 NOTE
r-devel-windows-ix86+x86_64 1.2.2 56.00 96.00 152.00 OK
r-devel-windows-ix86+x86_64-gcc8 1.2.2 49.00 100.00 149.00 OK
r-patched-linux-x86_64 1.2.2 16.00 35.14 51.14 OK
r-patched-solaris-x86 1.2.2 96.50 OK
r-release-linux-x86_64 1.2.2 17.40 35.15 52.55 OK
r-release-windows-ix86+x86_64 1.2.2 55.00 103.00 158.00 OK
r-release-osx-x86_64 1.2.2 OK
r-oldrel-windows-ix86+x86_64 1.2.2 31.00 59.00 90.00 OK
r-oldrel-osx-x86_64 1.2.2 OK

Check Details

Version: 1.2.2
Check: for non-standard things in the check directory
Result: NOTE
    Found the following files/directories:
     'Rplots.svg'
Flavors: r-devel-linux-x86_64-debian-clang, r-devel-linux-x86_64-debian-gcc, r-devel-linux-x86_64-fedora-clang, r-devel-linux-x86_64-fedora-gcc