CRAN Package Check Results for Package taxa

Last updated on 2020-01-20 01:50:37 CET.

Flavor Version Tinstall Tcheck Ttotal Status Flags
r-devel-linux-x86_64-debian-clang 0.3.2 21.38 99.96 121.34 OK
r-devel-linux-x86_64-debian-gcc 0.3.2 18.60 81.04 99.64 OK
r-devel-linux-x86_64-fedora-clang 0.3.2 152.48 NOTE
r-devel-linux-x86_64-fedora-gcc 0.3.2 149.11 NOTE
r-devel-windows-ix86+x86_64 0.3.2 58.00 173.00 231.00 OK
r-devel-windows-ix86+x86_64-gcc8 0.3.2 41.00 176.00 217.00 OK
r-patched-linux-x86_64 0.3.2 16.54 95.48 112.02 OK
r-patched-solaris-x86 0.3.2 182.30 NOTE
r-release-linux-x86_64 0.3.2 18.87 95.51 114.38 OK
r-release-windows-ix86+x86_64 0.3.2 45.00 114.00 159.00 OK
r-release-osx-x86_64 0.3.2 NOTE
r-oldrel-windows-ix86+x86_64 0.3.2 23.00 104.00 127.00 OK
r-oldrel-osx-x86_64 0.3.2 NOTE

Check Details

Version: 0.3.2
Check: dependencies in R code
Result: NOTE
    Namespaces in Imports field not imported from:
     ‘knitr’ ‘lazyeval’ ‘rlang’ ‘tidyr’
     All declared Imports should be used.
Flavors: r-devel-linux-x86_64-fedora-clang, r-devel-linux-x86_64-fedora-gcc, r-patched-solaris-x86, r-release-osx-x86_64, r-oldrel-osx-x86_64