Last updated on 2020-01-20 01:50:37 CET.
Flavor | Version | Tinstall | Tcheck | Ttotal | Status | Flags |
---|---|---|---|---|---|---|
r-devel-linux-x86_64-debian-clang | 1.36.23 | 12.47 | 91.74 | 104.21 | OK | |
r-devel-linux-x86_64-debian-gcc | 1.36.23 | 10.80 | 71.33 | 82.13 | OK | |
r-devel-linux-x86_64-fedora-clang | 1.36.23 | 128.48 | OK | |||
r-devel-linux-x86_64-fedora-gcc | 1.36.23 | 131.77 | OK | |||
r-devel-windows-ix86+x86_64 | 1.36.23 | 28.00 | 108.00 | 136.00 | OK | |
r-devel-windows-ix86+x86_64-gcc8 | 1.36.23 | 20.00 | 137.00 | 157.00 | OK | |
r-patched-linux-x86_64 | 1.36.23 | 10.14 | 84.72 | 94.86 | OK | |
r-patched-solaris-x86 | 1.36.23 | 144.00 | OK | |||
r-release-linux-x86_64 | 1.36.23 | 9.43 | 85.20 | 94.63 | OK | |
r-release-windows-ix86+x86_64 | 1.36.23 | 20.00 | 90.00 | 110.00 | OK | |
r-release-osx-x86_64 | 1.36.23 | NOTE | ||||
r-oldrel-windows-ix86+x86_64 | 1.36.23 | 12.00 | 105.00 | 117.00 | OK | |
r-oldrel-osx-x86_64 | 1.36.23 | OK |
Version: 1.36.23
Check: package dependencies
Result: NOTE
Package which this enhances but not available for checking: ‘mnlogit’
Flavor: r-release-osx-x86_64