Last updated on 2020-01-20 01:50:37 CET.
Flavor | Version | Tinstall | Tcheck | Ttotal | Status | Flags |
---|---|---|---|---|---|---|
r-devel-linux-x86_64-debian-clang | 3.0.4 | 104.34 | 104.49 | 208.83 | OK | --no-vignettes |
r-devel-linux-x86_64-debian-gcc | 3.0.4 | 68.89 | 79.32 | 148.21 | OK | --no-vignettes |
r-devel-linux-x86_64-fedora-clang | 3.0.4 | 577.91 | NOTE | |||
r-devel-linux-x86_64-fedora-gcc | 3.0.4 | 566.80 | OK | |||
r-devel-windows-ix86+x86_64 | 3.0.4 | 260.00 | 743.00 | 1003.00 | OK | |
r-devel-windows-ix86+x86_64-gcc8 | 3.0.4 | 210.00 | 724.00 | 934.00 | OK | |
r-patched-linux-x86_64 | 3.0.4 | 78.38 | 94.57 | 172.95 | OK | --no-vignettes |
r-patched-solaris-x86 | 3.0.4 | 665.60 | OK | |||
r-release-linux-x86_64 | 3.0.4 | 81.89 | 93.94 | 175.83 | OK | --no-vignettes |
r-release-windows-ix86+x86_64 | 3.0.4 | 243.00 | 716.00 | 959.00 | OK | |
r-release-osx-x86_64 | 3.0.4 | NOTE | ||||
r-oldrel-windows-ix86+x86_64 | 3.0.4 | 172.00 | 491.00 | 663.00 | OK | |
r-oldrel-osx-x86_64 | 3.0.4 | OK |
Version: 3.0.4
Check: installed package size
Result: NOTE
installed size is 5.4Mb
sub-directories of 1Mb or more:
libs 3.6Mb
Flavors: r-devel-linux-x86_64-fedora-clang, r-release-osx-x86_64