CRAN Package Check Results for Package tidybayes

Last updated on 2020-01-20 01:50:37 CET.

Flavor Version Tinstall Tcheck Ttotal Status Flags
r-devel-linux-x86_64-debian-clang 1.1.0 9.28 204.75 214.03 ERROR
r-devel-linux-x86_64-debian-gcc 1.1.0 8.36 157.28 165.64 ERROR
r-devel-linux-x86_64-fedora-clang 1.1.0 244.43 ERROR
r-devel-linux-x86_64-fedora-gcc 1.1.0 243.80 ERROR
r-devel-windows-ix86+x86_64 1.1.0 29.00 329.00 358.00 ERROR
r-devel-windows-ix86+x86_64-gcc8 1.1.0 22.00 312.00 334.00 OK
r-patched-linux-x86_64 1.1.0 9.08 182.81 191.89 ERROR
r-patched-solaris-x86 1.1.0 282.60 ERROR
r-release-linux-x86_64 1.1.0 8.37 183.18 191.55 ERROR
r-release-windows-ix86+x86_64 1.1.0 26.00 216.00 242.00 ERROR
r-release-osx-x86_64 1.1.0 OK
r-oldrel-windows-ix86+x86_64 1.1.0 12.00 199.00 211.00 ERROR
r-oldrel-osx-x86_64 1.1.0 OK

Check Details

Version: 1.1.0
Check: tests
Result: ERROR
     Running 'testthat.R' [107s/119s]
    Running the tests in 'tests/testthat.R' failed.
    Complete output:
     > # This is necessary because some tests fail otherwise; see https://github.com/hadley/testthat/issues/144
     > Sys.setenv("R_TESTS" = "")
     >
     > library(testthat)
     > library(tidybayes)
     >
     > test_check("tidybayes")
     -- 1. Failure: [add_]predicted_draws works on brms models with categorical outco
     predicted_draws(m_cyl_mpg, mtcars_tbl, seed = 1234, n = 100) not equal to `ref`.
     Incompatible type for column `.prediction`: x numeric, y factor
    
     -- 2. Failure: [add_]predicted_draws works on brms models with categorical outco
     add_predicted_draws(mtcars_tbl, m_cyl_mpg, seed = 1234, n = 100) not equal to `ref`.
     Incompatible type for column `.prediction`: x numeric, y factor
    
     == testthat results ===========================================================
     [ OK: 271 | SKIPPED: 41 | WARNINGS: 38 | FAILED: 2 ]
     1. Failure: [add_]predicted_draws works on brms models with categorical outcomes (@test.predicted_draws.R#126)
     2. Failure: [add_]predicted_draws works on brms models with categorical outcomes (@test.predicted_draws.R#127)
    
     Error: testthat unit tests failed
     Execution halted
Flavor: r-devel-linux-x86_64-debian-clang

Version: 1.1.0
Check: tests
Result: ERROR
     Running ‘testthat.R’ [83s/115s]
    Running the tests in ‘tests/testthat.R’ failed.
    Complete output:
     > # This is necessary because some tests fail otherwise; see https://github.com/hadley/testthat/issues/144
     > Sys.setenv("R_TESTS" = "")
     >
     > library(testthat)
     > library(tidybayes)
     >
     > test_check("tidybayes")
     ── 1. Failure: [add_]predicted_draws works on brms models with categorical outco
     predicted_draws(m_cyl_mpg, mtcars_tbl, seed = 1234, n = 100) not equal to `ref`.
     Incompatible type for column `.prediction`: x numeric, y factor
    
     ── 2. Failure: [add_]predicted_draws works on brms models with categorical outco
     add_predicted_draws(mtcars_tbl, m_cyl_mpg, seed = 1234, n = 100) not equal to `ref`.
     Incompatible type for column `.prediction`: x numeric, y factor
    
     ══ testthat results ═══════════════════════════════════════════════════════════
     [ OK: 271 | SKIPPED: 41 | WARNINGS: 38 | FAILED: 2 ]
     1. Failure: [add_]predicted_draws works on brms models with categorical outcomes (@test.predicted_draws.R#126)
     2. Failure: [add_]predicted_draws works on brms models with categorical outcomes (@test.predicted_draws.R#127)
    
     Error: testthat unit tests failed
     Execution halted
Flavor: r-devel-linux-x86_64-debian-gcc

Version: 1.1.0
Check: tests
Result: ERROR
     Running ‘testthat.R’ [119s/130s]
    Running the tests in ‘tests/testthat.R’ failed.
    Complete output:
     > # This is necessary because some tests fail otherwise; see https://github.com/hadley/testthat/issues/144
     > Sys.setenv("R_TESTS" = "")
     >
     > library(testthat)
     > library(tidybayes)
     >
     > test_check("tidybayes")
     ── 1. Failure: [add_]predicted_draws works on brms models with categorical outco
     predicted_draws(m_cyl_mpg, mtcars_tbl, seed = 1234, n = 100) not equal to `ref`.
     Incompatible type for column `.prediction`: x numeric, y factor
    
     ── 2. Failure: [add_]predicted_draws works on brms models with categorical outco
     add_predicted_draws(mtcars_tbl, m_cyl_mpg, seed = 1234, n = 100) not equal to `ref`.
     Incompatible type for column `.prediction`: x numeric, y factor
    
     ══ testthat results ═══════════════════════════════════════════════════════════
     [ OK: 271 | SKIPPED: 41 | WARNINGS: 38 | FAILED: 2 ]
     1. Failure: [add_]predicted_draws works on brms models with categorical outcomes (@test.predicted_draws.R#126)
     2. Failure: [add_]predicted_draws works on brms models with categorical outcomes (@test.predicted_draws.R#127)
    
     Error: testthat unit tests failed
     Execution halted
Flavor: r-devel-linux-x86_64-fedora-clang

Version: 1.1.0
Check: tests
Result: ERROR
     Running ‘testthat.R’ [120s/260s]
    Running the tests in ‘tests/testthat.R’ failed.
    Complete output:
     > # This is necessary because some tests fail otherwise; see https://github.com/hadley/testthat/issues/144
     > Sys.setenv("R_TESTS" = "")
     >
     > library(testthat)
     > library(tidybayes)
     >
     > test_check("tidybayes")
     ── 1. Failure: [add_]predicted_draws works on brms models with categorical outco
     predicted_draws(m_cyl_mpg, mtcars_tbl, seed = 1234, n = 100) not equal to `ref`.
     Incompatible type for column `.prediction`: x numeric, y factor
    
     ── 2. Failure: [add_]predicted_draws works on brms models with categorical outco
     add_predicted_draws(mtcars_tbl, m_cyl_mpg, seed = 1234, n = 100) not equal to `ref`.
     Incompatible type for column `.prediction`: x numeric, y factor
    
     ══ testthat results ═══════════════════════════════════════════════════════════
     [ OK: 271 | SKIPPED: 41 | WARNINGS: 38 | FAILED: 2 ]
     1. Failure: [add_]predicted_draws works on brms models with categorical outcomes (@test.predicted_draws.R#126)
     2. Failure: [add_]predicted_draws works on brms models with categorical outcomes (@test.predicted_draws.R#127)
    
     Error: testthat unit tests failed
     Execution halted
Flavor: r-devel-linux-x86_64-fedora-gcc

Version: 1.1.0
Check: tests
Result: ERROR
     Running 'testthat.R' [148s]
    Running the tests in 'tests/testthat.R' failed.
    Complete output:
     > # This is necessary because some tests fail otherwise; see https://github.com/hadley/testthat/issues/144
     > Sys.setenv("R_TESTS" = "")
     >
     > library(testthat)
     > library(tidybayes)
     >
     > test_check("tidybayes")
     -- 1. Failure: [add_]predicted_draws works on brms models with categorical outco
     predicted_draws(m_cyl_mpg, mtcars_tbl, seed = 1234, n = 100) not equal to `ref`.
     Incompatible type for column `.prediction`: x numeric, y factor
    
     -- 2. Failure: [add_]predicted_draws works on brms models with categorical outco
     add_predicted_draws(mtcars_tbl, m_cyl_mpg, seed = 1234, n = 100) not equal to `ref`.
     Incompatible type for column `.prediction`: x numeric, y factor
    
     == testthat results ===========================================================
     [ OK: 271 | SKIPPED: 41 | WARNINGS: 38 | FAILED: 2 ]
     1. Failure: [add_]predicted_draws works on brms models with categorical outcomes (@test.predicted_draws.R#126)
     2. Failure: [add_]predicted_draws works on brms models with categorical outcomes (@test.predicted_draws.R#127)
    
     Error: testthat unit tests failed
     Execution halted
Flavor: r-devel-windows-ix86+x86_64

Version: 1.1.0
Check: tests
Result: ERROR
     Running ‘testthat.R’ [97s/106s]
    Running the tests in ‘tests/testthat.R’ failed.
    Complete output:
     > # This is necessary because some tests fail otherwise; see https://github.com/hadley/testthat/issues/144
     > Sys.setenv("R_TESTS" = "")
     >
     > library(testthat)
     > library(tidybayes)
     >
     > test_check("tidybayes")
     ── 1. Failure: [add_]predicted_draws works on brms models with categorical outco
     predicted_draws(m_cyl_mpg, mtcars_tbl, seed = 1234, n = 100) not equal to `ref`.
     Incompatible type for column `.prediction`: x numeric, y factor
    
     ── 2. Failure: [add_]predicted_draws works on brms models with categorical outco
     add_predicted_draws(mtcars_tbl, m_cyl_mpg, seed = 1234, n = 100) not equal to `ref`.
     Incompatible type for column `.prediction`: x numeric, y factor
    
     ══ testthat results ═══════════════════════════════════════════════════════════
     [ OK: 271 | SKIPPED: 41 | WARNINGS: 38 | FAILED: 2 ]
     1. Failure: [add_]predicted_draws works on brms models with categorical outcomes (@test.predicted_draws.R#126)
     2. Failure: [add_]predicted_draws works on brms models with categorical outcomes (@test.predicted_draws.R#127)
    
     Error: testthat unit tests failed
     Execution halted
Flavor: r-patched-linux-x86_64

Version: 1.1.0
Check: package dependencies
Result: NOTE
    Packages suggested but not available for checking: 'rstanarm', 'gifski'
Flavor: r-patched-solaris-x86

Version: 1.1.0
Check: Rd cross-references
Result: NOTE
    Package unavailable to check Rd xrefs: ‘rstanarm’
Flavor: r-patched-solaris-x86

Version: 1.1.0
Check: tests
Result: ERROR
     Running ‘testthat.R’ [133s/149s]
    Running the tests in ‘tests/testthat.R’ failed.
    Complete output:
     > # This is necessary because some tests fail otherwise; see https://github.com/hadley/testthat/issues/144
     > Sys.setenv("R_TESTS" = "")
     >
     > library(testthat)
     > library(tidybayes)
     >
     > test_check("tidybayes")
     ── 1. Failure: [add_]predicted_draws works on brms models with categorical outco
     predicted_draws(m_cyl_mpg, mtcars_tbl, seed = 1234, n = 100) not equal to `ref`.
     Incompatible type for column `.prediction`: x numeric, y factor
    
     ── 2. Failure: [add_]predicted_draws works on brms models with categorical outco
     add_predicted_draws(mtcars_tbl, m_cyl_mpg, seed = 1234, n = 100) not equal to `ref`.
     Incompatible type for column `.prediction`: x numeric, y factor
    
     ══ testthat results ═══════════════════════════════════════════════════════════
     [ OK: 242 | SKIPPED: 54 | WARNINGS: 52 | FAILED: 2 ]
     1. Failure: [add_]predicted_draws works on brms models with categorical outcomes (@test.predicted_draws.R#126)
     2. Failure: [add_]predicted_draws works on brms models with categorical outcomes (@test.predicted_draws.R#127)
    
     Error: testthat unit tests failed
     Execution halted
Flavor: r-patched-solaris-x86

Version: 1.1.0
Check: tests
Result: ERROR
     Running ‘testthat.R’ [96s/103s]
    Running the tests in ‘tests/testthat.R’ failed.
    Complete output:
     > # This is necessary because some tests fail otherwise; see https://github.com/hadley/testthat/issues/144
     > Sys.setenv("R_TESTS" = "")
     >
     > library(testthat)
     > library(tidybayes)
     >
     > test_check("tidybayes")
     ── 1. Failure: [add_]predicted_draws works on brms models with categorical outco
     predicted_draws(m_cyl_mpg, mtcars_tbl, seed = 1234, n = 100) not equal to `ref`.
     Incompatible type for column `.prediction`: x numeric, y factor
    
     ── 2. Failure: [add_]predicted_draws works on brms models with categorical outco
     add_predicted_draws(mtcars_tbl, m_cyl_mpg, seed = 1234, n = 100) not equal to `ref`.
     Incompatible type for column `.prediction`: x numeric, y factor
    
     ══ testthat results ═══════════════════════════════════════════════════════════
     [ OK: 271 | SKIPPED: 41 | WARNINGS: 38 | FAILED: 2 ]
     1. Failure: [add_]predicted_draws works on brms models with categorical outcomes (@test.predicted_draws.R#126)
     2. Failure: [add_]predicted_draws works on brms models with categorical outcomes (@test.predicted_draws.R#127)
    
     Error: testthat unit tests failed
     Execution halted
Flavor: r-release-linux-x86_64

Version: 1.1.0
Check: tests
Result: ERROR
     Running 'testthat.R' [147s]
    Running the tests in 'tests/testthat.R' failed.
    Complete output:
     > # This is necessary because some tests fail otherwise; see https://github.com/hadley/testthat/issues/144
     > Sys.setenv("R_TESTS" = "")
     >
     > library(testthat)
     > library(tidybayes)
     >
     > test_check("tidybayes")
     -- 1. Failure: [add_]predicted_draws works on brms models with categorical outco
     predicted_draws(m_cyl_mpg, mtcars_tbl, seed = 1234, n = 100) not equal to `ref`.
     Incompatible type for column `.prediction`: x numeric, y factor
    
     -- 2. Failure: [add_]predicted_draws works on brms models with categorical outco
     add_predicted_draws(mtcars_tbl, m_cyl_mpg, seed = 1234, n = 100) not equal to `ref`.
     Incompatible type for column `.prediction`: x numeric, y factor
    
     == testthat results ===========================================================
     [ OK: 271 | SKIPPED: 41 | WARNINGS: 38 | FAILED: 2 ]
     1. Failure: [add_]predicted_draws works on brms models with categorical outcomes (@test.predicted_draws.R#126)
     2. Failure: [add_]predicted_draws works on brms models with categorical outcomes (@test.predicted_draws.R#127)
    
     Error: testthat unit tests failed
     Execution halted
Flavor: r-release-windows-ix86+x86_64

Version: 1.1.0
Check: tests
Result: ERROR
     Running 'testthat.R' [99s]
    Running the tests in 'tests/testthat.R' failed.
    Complete output:
     > # This is necessary because some tests fail otherwise; see https://github.com/hadley/testthat/issues/144
     > Sys.setenv("R_TESTS" = "")
     >
     > library(testthat)
     > library(tidybayes)
     >
     > test_check("tidybayes")
     -- 1. Failure: [add_]predicted_draws works on brms models with categorical outco
     predicted_draws(m_cyl_mpg, mtcars_tbl, seed = 1234, n = 100) not equal to `ref`.
     Incompatible type for column `.prediction`: x numeric, y factor
    
     -- 2. Failure: [add_]predicted_draws works on brms models with categorical outco
     add_predicted_draws(mtcars_tbl, m_cyl_mpg, seed = 1234, n = 100) not equal to `ref`.
     Incompatible type for column `.prediction`: x numeric, y factor
    
     == testthat results ===========================================================
     [ OK: 271 | SKIPPED: 41 | WARNINGS: 38 | FAILED: 2 ]
     1. Failure: [add_]predicted_draws works on brms models with categorical outcomes (@test.predicted_draws.R#126)
     2. Failure: [add_]predicted_draws works on brms models with categorical outcomes (@test.predicted_draws.R#127)
    
     Error: testthat unit tests failed
     Execution halted
Flavor: r-oldrel-windows-ix86+x86_64