CRAN Package Check Results for Package tidyjson

Last updated on 2020-01-20 01:50:37 CET.

Flavor Version Tinstall Tcheck Ttotal Status Flags
r-devel-linux-x86_64-debian-clang 0.2.4 7.40 295.26 302.66 OK
r-devel-linux-x86_64-debian-gcc 0.2.4 5.20 213.80 219.00 OK
r-devel-linux-x86_64-fedora-clang 0.2.4 326.18 OK
r-devel-linux-x86_64-fedora-gcc 0.2.4 322.44 OK
r-devel-windows-ix86+x86_64 0.2.4 23.00 391.00 414.00 OK
r-devel-windows-ix86+x86_64-gcc8 0.2.4 16.00 394.00 410.00 OK
r-patched-linux-x86_64 0.2.4 6.66 254.13 260.79 OK
r-patched-solaris-x86 0.2.4 198.70 WARN
r-release-linux-x86_64 0.2.4 5.64 249.87 255.51 OK
r-release-windows-ix86+x86_64 0.2.4 20.00 279.00 299.00 OK
r-release-osx-x86_64 0.2.4 WARN
r-oldrel-windows-ix86+x86_64 0.2.4 9.00 303.00 312.00 OK
r-oldrel-osx-x86_64 0.2.4 WARN

Check Details

Version: 0.2.4
Check: re-building of vignette outputs
Result: WARN
    Error(s) in re-building vignettes:
     ...
    --- re-building ‘introduction-to-tidyjson.Rmd’ using rmarkdown
    Warning in engine$weave(file, quiet = quiet, encoding = enc) :
     Pandoc (>= 1.12.3) and/or pandoc-citeproc not available. Falling back to R Markdown v1.
    
    Attaching package: 'tidyjson'
    
    The following object is masked from 'package:stats':
    
     filter
    
    
    Attaching package: 'dplyr'
    
    The following object is masked from 'package:tidyjson':
    
     bind_rows
    
    The following objects are masked from 'package:stats':
    
     filter, lag
    
    The following objects are masked from 'package:base':
    
     intersect, setdiff, setequal, union
    
    --- finished re-building ‘introduction-to-tidyjson.Rmd’
    
    --- re-building ‘multiple-apis.Rmd’ using rmarkdown
    Warning in engine$weave(file, quiet = quiet, encoding = enc) :
     Pandoc (>= 1.12.3) and/or pandoc-citeproc not available. Falling back to R Markdown v1.
    
    Attaching package: 'dplyr'
    
    The following objects are masked from 'package:stats':
    
     filter, lag
    
    The following objects are masked from 'package:base':
    
     intersect, setdiff, setequal, union
    
    
    Attaching package: 'tidyjson'
    
    The following object is masked from 'package:jsonlite':
    
     read_json
    
    The following object is masked from 'package:dplyr':
    
     bind_rows
    
    The following object is masked from 'package:stats':
    
     filter
    
    
    Attaching package: 'lubridate'
    
    The following object is masked from 'package:base':
    
     date
    
    --- finished re-building ‘multiple-apis.Rmd’
    
    --- re-building ‘visualizing-json.Rmd’ using rmarkdown
    Warning in engine$weave(file, quiet = quiet, encoding = enc) :
     Pandoc (>= 1.12.3) and/or pandoc-citeproc not available. Falling back to R Markdown v1.
    
    Attaching package: 'dplyr'
    
    The following objects are masked from 'package:stats':
    
     filter, lag
    
    The following objects are masked from 'package:base':
    
     intersect, setdiff, setequal, union
    
    
    Attaching package: 'purrr'
    
    The following object is masked from 'package:jsonlite':
    
     flatten
    
    
    Attaching package: 'magrittr'
    
    The following object is masked from 'package:purrr':
    
     set_names
    
    
    Attaching package: 'igraph'
    
    The following objects are masked from 'package:purrr':
    
     compose, simplify
    
    The following objects are masked from 'package:dplyr':
    
     as_data_frame, groups, union
    
    The following objects are masked from 'package:stats':
    
     decompose, spectrum
    
    The following object is masked from 'package:base':
    
     union
    
    Loading required package: viridisLite
    
    Attaching package: 'tidyjson'
    
    The following object is masked from 'package:igraph':
    
     as_data_frame
    
    The following object is masked from 'package:dplyr':
    
     bind_rows
    
    The following object is masked from 'package:jsonlite':
    
     read_json
    
    The following object is masked from 'package:stats':
    
     filter
    
    Quitting from lines 123-124 (visualizing-json.Rmd)
    Error: processing vignette 'visualizing-json.Rmd' failed with diagnostics:
    there is no package called 'webshot'
    --- failed re-building ‘visualizing-json.Rmd’
    
    SUMMARY: processing the following file failed:
     ‘visualizing-json.Rmd’
    
    Error: Vignette re-building failed.
    Execution halted
Flavor: r-patched-solaris-x86

Version: 0.2.4
Check: re-building of vignette outputs
Result: WARN
    Error(s) in re-building vignettes:
    --- re-building ‘introduction-to-tidyjson.Rmd’ using rmarkdown
    Warning in engine$weave(file, quiet = quiet, encoding = enc) :
     Pandoc (>= 1.12.3) and/or pandoc-citeproc not available. Falling back to R Markdown v1.
    
    Attaching package: 'tidyjson'
    
    The following object is masked from 'package:stats':
    
     filter
    
    
    Attaching package: 'dplyr'
    
    The following object is masked from 'package:tidyjson':
    
     bind_rows
    
    The following objects are masked from 'package:stats':
    
     filter, lag
    
    The following objects are masked from 'package:base':
    
     intersect, setdiff, setequal, union
    
    --- finished re-building ‘introduction-to-tidyjson.Rmd’
    
    --- re-building ‘multiple-apis.Rmd’ using rmarkdown
    Warning in engine$weave(file, quiet = quiet, encoding = enc) :
     Pandoc (>= 1.12.3) and/or pandoc-citeproc not available. Falling back to R Markdown v1.
    
    Attaching package: 'dplyr'
    
    The following objects are masked from 'package:stats':
    
     filter, lag
    
    The following objects are masked from 'package:base':
    
     intersect, setdiff, setequal, union
    
    
    Attaching package: 'tidyjson'
    
    The following object is masked from 'package:jsonlite':
    
     read_json
    
    The following object is masked from 'package:dplyr':
    
     bind_rows
    
    The following object is masked from 'package:stats':
    
     filter
    
    
    Attaching package: 'lubridate'
    
    The following object is masked from 'package:base':
    
     date
    
    --- finished re-building ‘multiple-apis.Rmd’
    
    --- re-building ‘visualizing-json.Rmd’ using rmarkdown
    Warning in engine$weave(file, quiet = quiet, encoding = enc) :
     Pandoc (>= 1.12.3) and/or pandoc-citeproc not available. Falling back to R Markdown v1.
    
    Attaching package: 'dplyr'
    
    The following objects are masked from 'package:stats':
    
     filter, lag
    
    The following objects are masked from 'package:base':
    
     intersect, setdiff, setequal, union
    
    
    Attaching package: 'purrr'
    
    The following object is masked from 'package:jsonlite':
    
     flatten
    
    
    Attaching package: 'magrittr'
    
    The following object is masked from 'package:purrr':
    
     set_names
    
    
    Attaching package: 'igraph'
    
    The following objects are masked from 'package:purrr':
    
     compose, simplify
    
    The following objects are masked from 'package:dplyr':
    
     as_data_frame, groups, union
    
    The following objects are masked from 'package:stats':
    
     decompose, spectrum
    
    The following object is masked from 'package:base':
    
     union
    
    Loading required package: viridisLite
    
    Attaching package: 'tidyjson'
    
    The following object is masked from 'package:igraph':
    
     as_data_frame
    
    The following object is masked from 'package:dplyr':
    
     bind_rows
    
    The following object is masked from 'package:jsonlite':
    
     read_json
    
    The following object is masked from 'package:stats':
    
     filter
    
    Quitting from lines 123-124 (visualizing-json.Rmd)
    Error: processing vignette 'visualizing-json.Rmd' failed with diagnostics:
    cannot open the connection
    --- failed re-building ‘visualizing-json.Rmd’
    
    SUMMARY: processing the following file failed:
     ‘visualizing-json.Rmd’
    
    Error: Vignette re-building failed.
    Execution halted
Flavor: r-release-osx-x86_64

Version: 0.2.4
Check: re-building of vignette outputs
Result: WARN
    Error in re-building vignettes:
     ...
    The following objects are masked from 'package:purrr':
    
     compose, simplify
    
    The following objects are masked from 'package:dplyr':
    
     as_data_frame, groups, union
    
    The following object is masked from 'package:tidyjson':
    
     as_data_frame
    
    The following objects are masked from 'package:stats':
    
     decompose, spectrum
    
    The following object is masked from 'package:base':
    
     union
    
    Loading required package: viridisLite
    Quitting from lines 123-124 (visualizing-json.Rmd)
    Error: processing vignette 'visualizing-json.Rmd' failed with diagnostics:
    cannot open the connection
    Execution halted
Flavor: r-oldrel-osx-x86_64