Last updated on 2020-01-20 01:50:37 CET.
Flavor | Version | Tinstall | Tcheck | Ttotal | Status | Flags |
---|---|---|---|---|---|---|
r-devel-linux-x86_64-debian-clang | 0.0.3 | 22.66 | 188.90 | 211.56 | OK | |
r-devel-linux-x86_64-debian-gcc | 0.0.3 | 11.90 | 144.26 | 156.16 | OK | |
r-devel-linux-x86_64-fedora-clang | 0.0.3 | 249.62 | OK | |||
r-devel-linux-x86_64-fedora-gcc | 0.0.3 | 251.49 | OK | |||
r-devel-windows-ix86+x86_64 | 0.0.3 | 96.00 | 286.00 | 382.00 | OK | |
r-devel-windows-ix86+x86_64-gcc8 | 0.0.3 | 63.00 | 277.00 | 340.00 | OK | |
r-patched-linux-x86_64 | 0.0.3 | 15.60 | 162.23 | 177.83 | OK | |
r-patched-solaris-x86 | 0.0.3 | 4.10 | ERROR | |||
r-release-linux-x86_64 | 0.0.3 | 18.54 | 160.64 | 179.18 | OK | |
r-release-windows-ix86+x86_64 | 0.0.3 | 81.00 | 278.00 | 359.00 | OK | |
r-release-osx-x86_64 | 0.0.3 | OK | ||||
r-oldrel-windows-ix86+x86_64 | 0.0.3 | 27.00 | 162.00 | 189.00 | OK | |
r-oldrel-osx-x86_64 | 0.0.3 | OK |
Version: 0.0.3
Check: package dependencies
Result: ERROR
Package required but not available: ‘tidyposterior’
See section ‘The DESCRIPTION file’ in the ‘Writing R Extensions’
manual.
Flavor: r-patched-solaris-x86