Last updated on 2020-01-20 01:50:37 CET.
Flavor | Version | Tinstall | Tcheck | Ttotal | Status | Flags |
---|---|---|---|---|---|---|
r-devel-linux-x86_64-debian-clang | 0.2.4 | 2.18 | 31.46 | 33.64 | OK | |
r-devel-linux-x86_64-debian-gcc | 0.2.4 | 1.86 | 24.74 | 26.60 | OK | |
r-devel-linux-x86_64-fedora-clang | 0.2.4 | 41.35 | NOTE | |||
r-devel-linux-x86_64-fedora-gcc | 0.2.4 | 39.12 | NOTE | |||
r-devel-windows-ix86+x86_64 | 0.2.4 | 9.00 | 67.00 | 76.00 | OK | |
r-devel-windows-ix86+x86_64-gcc8 | 0.2.4 | 7.00 | 60.00 | 67.00 | OK | |
r-patched-linux-x86_64 | 0.2.4 | 1.72 | 28.45 | 30.17 | OK | |
r-patched-solaris-x86 | 0.2.4 | 55.40 | NOTE | |||
r-release-linux-x86_64 | 0.2.4 | 1.82 | 28.13 | 29.95 | OK | |
r-release-windows-ix86+x86_64 | 0.2.4 | 7.00 | 44.00 | 51.00 | OK | |
r-release-osx-x86_64 | 0.2.4 | NOTE | ||||
r-oldrel-windows-ix86+x86_64 | 0.2.4 | 3.00 | 38.00 | 41.00 | OK | |
r-oldrel-osx-x86_64 | 0.2.4 | NOTE |
Version: 0.2.4
Check: dependencies in R code
Result: NOTE
Namespace in Imports field not imported from: ‘rgdal’
All declared Imports should be used.
Flavors: r-devel-linux-x86_64-fedora-clang, r-devel-linux-x86_64-fedora-gcc, r-patched-solaris-x86, r-release-osx-x86_64, r-oldrel-osx-x86_64