Last updated on 2020-01-20 01:50:38 CET.
Flavor | Version | Tinstall | Tcheck | Ttotal | Status | Flags |
---|---|---|---|---|---|---|
r-devel-linux-x86_64-debian-clang | 0.1.0 | 4.31 | 24.10 | 28.41 | OK | |
r-devel-linux-x86_64-debian-gcc | 0.1.0 | 4.52 | 19.68 | 24.20 | OK | |
r-devel-linux-x86_64-fedora-clang | 0.1.0 | 36.42 | NOTE | |||
r-devel-linux-x86_64-fedora-gcc | 0.1.0 | 35.59 | NOTE | |||
r-devel-windows-ix86+x86_64 | 0.1.0 | 13.00 | 41.00 | 54.00 | OK | |
r-devel-windows-ix86+x86_64-gcc8 | 0.1.0 | 10.00 | 49.00 | 59.00 | OK | |
r-patched-linux-x86_64 | 0.1.0 | 4.44 | 23.10 | 27.54 | OK | |
r-patched-solaris-x86 | 0.1.0 | 54.40 | NOTE | |||
r-release-linux-x86_64 | 0.1.0 | 4.54 | 23.07 | 27.61 | OK | |
r-release-windows-ix86+x86_64 | 0.1.0 | 14.00 | 37.00 | 51.00 | OK | |
r-release-osx-x86_64 | 0.1.0 | NOTE | ||||
r-oldrel-windows-ix86+x86_64 | 0.1.0 | 5.00 | 43.00 | 48.00 | OK | |
r-oldrel-osx-x86_64 | 0.1.0 | NOTE |
Version: 0.1.0
Check: dependencies in R code
Result: NOTE
Namespace in Imports field not imported from: ‘tsibble’
All declared Imports should be used.
Flavors: r-devel-linux-x86_64-fedora-clang, r-devel-linux-x86_64-fedora-gcc, r-patched-solaris-x86, r-release-osx-x86_64, r-oldrel-osx-x86_64
Version: 0.1.0
Check: data for non-ASCII characters
Result: NOTE
Note: found 2 marked UTF-8 strings
Flavors: r-devel-linux-x86_64-fedora-clang, r-devel-linux-x86_64-fedora-gcc, r-patched-solaris-x86, r-release-osx-x86_64, r-oldrel-osx-x86_64