Last updated on 2020-01-20 01:50:38 CET.
Flavor | Version | Tinstall | Tcheck | Ttotal | Status | Flags |
---|---|---|---|---|---|---|
r-devel-linux-x86_64-debian-clang | 0.13 | 5.73 | 20.26 | 25.99 | OK | |
r-devel-linux-x86_64-debian-gcc | 0.13 | 3.33 | 16.17 | 19.50 | OK | |
r-devel-linux-x86_64-fedora-clang | 0.13 | 33.66 | NOTE | |||
r-devel-linux-x86_64-fedora-gcc | 0.13 | 30.27 | NOTE | |||
r-devel-windows-ix86+x86_64 | 0.13 | 26.00 | 54.00 | 80.00 | OK | |
r-devel-windows-ix86+x86_64-gcc8 | 0.13 | 10.00 | 50.00 | 60.00 | OK | |
r-patched-linux-x86_64 | 0.13 | 3.54 | 19.00 | 22.54 | OK | |
r-patched-solaris-x86 | 0.13 | 35.40 | OK | |||
r-release-linux-x86_64 | 0.13 | 3.48 | 18.75 | 22.23 | OK | |
r-release-windows-ix86+x86_64 | 0.13 | 14.00 | 57.00 | 71.00 | OK | |
r-release-osx-x86_64 | 0.13 | OK | ||||
r-oldrel-windows-ix86+x86_64 | 0.13 | 11.00 | 37.00 | 48.00 | OK | |
r-oldrel-osx-x86_64 | 0.13 | OK |
Version: 0.13
Check: compiled code
Result: NOTE
File ‘udunits2/libs/udunits2.so’:
Found no calls to: ‘R_registerRoutines’, ‘R_useDynamicSymbols’
It is good practice to register native routines and to disable symbol
search.
See ‘Writing portable packages’ in the ‘Writing R Extensions’ manual.
Flavors: r-devel-linux-x86_64-fedora-clang, r-devel-linux-x86_64-fedora-gcc