CRAN Package Check Results for Package univariateML

Last updated on 2020-01-20 01:50:38 CET.

Flavor Version Tinstall Tcheck Ttotal Status Flags
r-devel-linux-x86_64-debian-clang 1.0.0 4.45 120.75 125.20 OK
r-devel-linux-x86_64-debian-gcc 1.0.0 3.69 77.12 80.81 OK
r-devel-linux-x86_64-fedora-clang 1.0.0 145.47 NOTE
r-devel-linux-x86_64-fedora-gcc 1.0.0 135.33 NOTE
r-devel-windows-ix86+x86_64 1.0.0 16.00 164.00 180.00 OK
r-devel-windows-ix86+x86_64-gcc8 1.0.0 11.00 170.00 181.00 OK
r-patched-linux-x86_64 1.0.0 4.30 103.10 107.40 OK
r-patched-solaris-x86 1.0.0 188.80 NOTE
r-release-linux-x86_64 1.0.0 4.39 102.96 107.35 OK
r-release-windows-ix86+x86_64 1.0.0 14.00 121.00 135.00 OK
r-release-osx-x86_64 1.0.0 NOTE
r-oldrel-windows-ix86+x86_64 1.0.0 5.00 112.00 117.00 OK
r-oldrel-osx-x86_64 1.0.0 NOTE

Check Details

Version: 1.0.0
Check: dependencies in R code
Result: NOTE
    Namespaces in Imports field not imported from:
     ‘extraDistr’ ‘logitnorm’ ‘nakagami’ ‘tibble’
     All declared Imports should be used.
Flavors: r-devel-linux-x86_64-fedora-clang, r-devel-linux-x86_64-fedora-gcc, r-patched-solaris-x86, r-release-osx-x86_64, r-oldrel-osx-x86_64