CRAN Package Check Results for Package vines

Last updated on 2020-01-20 01:50:38 CET.

Flavor Version Tinstall Tcheck Ttotal Status Flags
r-devel-linux-x86_64-debian-clang 1.1.5 12.87 97.78 110.65 OK
r-devel-linux-x86_64-debian-gcc 1.1.5 11.95 74.67 86.62 OK
r-devel-linux-x86_64-fedora-clang 1.1.5 133.57 NOTE
r-devel-linux-x86_64-fedora-gcc 1.1.5 127.63 NOTE
r-devel-windows-ix86+x86_64 1.1.5 42.00 152.00 194.00 OK
r-devel-windows-ix86+x86_64-gcc8 1.1.5 28.00 192.00 220.00 OK
r-patched-linux-x86_64 1.1.5 11.75 85.21 96.96 OK
r-patched-solaris-x86 1.1.5 174.40 OK
r-release-linux-x86_64 1.1.5 11.45 83.87 95.32 OK
r-release-windows-ix86+x86_64 1.1.5 34.00 121.00 155.00 OK
r-release-osx-x86_64 1.1.5 OK
r-oldrel-windows-ix86+x86_64 1.1.5 18.00 149.00 167.00 OK
r-oldrel-osx-x86_64 1.1.5 OK

Check Details

Version: 1.1.5
Check: compiled code
Result: NOTE
    File ‘vines/libs/vines.so’:
     Found no call to: ‘R_useDynamicSymbols’
    
    It is good practice to register native routines and to disable symbol
    search.
    
    See ‘Writing portable packages’ in the ‘Writing R Extensions’ manual.
Flavors: r-devel-linux-x86_64-fedora-clang, r-devel-linux-x86_64-fedora-gcc