CRAN Package Check Results for Package vip

Last updated on 2020-01-20 01:50:38 CET.

Flavor Version Tinstall Tcheck Ttotal Status Flags
r-devel-linux-x86_64-debian-clang 0.1.3 3.66 40.77 44.43 OK
r-devel-linux-x86_64-debian-gcc 0.1.3 3.44 30.95 34.39 OK
r-devel-linux-x86_64-fedora-clang 0.1.3 52.71 OK
r-devel-linux-x86_64-fedora-gcc 0.1.3 52.86 OK
r-devel-windows-ix86+x86_64 0.1.3 12.00 77.00 89.00 OK
r-devel-windows-ix86+x86_64-gcc8 0.1.3 10.00 72.00 82.00 OK
r-patched-linux-x86_64 0.1.3 3.15 36.50 39.65 OK
r-patched-solaris-x86 0.2.0 90.10 ERROR
r-release-linux-x86_64 0.1.3 3.70 36.83 40.53 OK
r-release-windows-ix86+x86_64 0.1.3 11.00 78.00 89.00 OK
r-release-osx-x86_64 0.1.3 OK
r-oldrel-windows-ix86+x86_64 0.1.3 4.00 46.00 50.00 OK
r-oldrel-osx-x86_64 0.1.3 OK

Check Details

Version: 0.2.0
Check: tests
Result: ERROR
     Running ‘tinytest.R’ [23s/28s]
    Running the tests in ‘tests/tinytest.R’ failed.
    Complete output:
     >
     > if ( requireNamespace("tinytest", quietly=TRUE) ){
     + home <- length(unclass(packageVersion("vip"))[[1L]]) == 4
     + tinytest::test_package("vip", at_home = home)
     + }
    
     Attaching package: 'vip'
    
     The following object is masked from 'package:utils':
    
     vi
    
    
     Running test_get_feature_names.R...... 0 tests
     Running test_get_feature_names.R...... 0 tests
     Running test_get_feature_names.R...... 0 tests
     Running test_get_feature_names.R...... 1 tests <1b>[0;32mOK<1b>[0m
     Running test_get_feature_names.R...... 2 tests <1b>[0;32mOK<1b>[0m
     Running test_get_feature_names.R...... 3 tests <1b>[0;32mOK<1b>[0m
     Running test_get_feature_names.R...... 3 tests <1b>[0;32mOK<1b>[0m
     Running test_get_feature_names.R...... 3 tests <1b>[0;32mOK<1b>[0m
     Running test_get_feature_names.R...... 3 tests <1b>[0;32mOK<1b>[0m
     Running test_get_feature_names.R...... 3 tests <1b>[0;32mOK<1b>[0m
     Running test_get_feature_names.R...... 3 tests <1b>[0;32mOK<1b>[0m
     Running test_get_feature_names.R...... 4 tests <1b>[0;32mOK<1b>[0m
     Running test_get_feature_names.R...... 5 tests <1b>[0;32mOK<1b>[0m
    
     Running test_pkg_C50.R................ 0 tests
     Running test_pkg_C50.R................ 0 tests
     Running test_pkg_C50.R................ 0 tests
     Running test_pkg_C50.R................ 0 tests
     Running test_pkg_C50.R................ 0 tests
     Running test_pkg_C50.R................ 0 tests
     Running test_pkg_C50.R................ 1 tests <1b>[0;32mOK<1b>[0m
     Running test_pkg_C50.R................ 2 tests <1b>[0;32mOK<1b>[0m
     Running test_pkg_C50.R................ 3 tests <1b>[0;32mOK<1b>[0m
     Running test_pkg_C50.R................ 4 tests <1b>[0;32mOK<1b>[0m
     Running test_pkg_C50.R................ 5 tests <1b>[0;32mOK<1b>[0m
     Running test_pkg_C50.R................ 6 tests <1b>[0;32mOK<1b>[0m
     Running test_pkg_C50.R................ 7 tests <1b>[0;32mOK<1b>[0m
     Running test_pkg_C50.R................ 7 tests <1b>[0;32mOK<1b>[0m
     Running test_pkg_C50.R................ 8 tests <1b>[0;32mOK<1b>[0m
     Running test_pkg_C50.R................ 8 tests <1b>[0;32mOK<1b>[0m
    
     Running test_pkg_Cubist.R............. 0 tests
     Running test_pkg_Cubist.R............. 0 tests
     Running test_pkg_Cubist.R............. 0 tests
     Running test_pkg_Cubist.R............. 0 tests
     Running test_pkg_Cubist.R............. 0 tests
     Running test_pkg_Cubist.R............. 0 tests
     Running test_pkg_Cubist.R............. 1 tests <1b>[0;32mOK<1b>[0m
     Running test_pkg_Cubist.R............. 2 tests <1b>[0;32mOK<1b>[0m
     Running test_pkg_Cubist.R............. 3 tests <1b>[0;32mOK<1b>[0m
     Running test_pkg_Cubist.R............. 3 tests <1b>[0;32mOK<1b>[0m
     Running test_pkg_Cubist.R............. 4 tests <1b>[0;32mOK<1b>[0m
     Running test_pkg_Cubist.R............. 4 tests <1b>[0;32mOK<1b>[0m
    
     Running test_pkg_RSNNS.R.............. 0 tests
     Running test_pkg_RSNNS.R.............. 0 tests
     Running test_pkg_RSNNS.R.............. 0 tests
     Running test_pkg_RSNNS.R.............. 0 tests
     Running test_pkg_RSNNS.R.............. 0 tests
     Running test_pkg_RSNNS.R.............. 0 tests
     Running test_pkg_RSNNS.R.............. 0 tests
     Running test_pkg_RSNNS.R.............. 1 tests <1b>[0;32mOK<1b>[0m
     Running test_pkg_RSNNS.R.............. 2 tests <1b>[0;32mOK<1b>[0m
     Running test_pkg_RSNNS.R.............. 2 tests <1b>[0;32mOK<1b>[0m
     Running test_pkg_RSNNS.R.............. 3 tests <1b>[0;32mOK<1b>[0m
     Running test_pkg_RSNNS.R.............. 3 tests <1b>[0;32mOK<1b>[0m
    
     Running test_pkg_caret.R.............. 0 tests
     Running test_pkg_caret.R.............. 0 tests Loading required package: lattice
     Loading required package: ggplot2
    
     Running test_pkg_caret.R.............. 0 tests
     Running test_pkg_caret.R.............. 0 tests
     Running test_pkg_caret.R.............. 0 tests
     Running test_pkg_caret.R.............. 1 tests <1b>[0;32mOK<1b>[0m
     Running test_pkg_caret.R.............. 2 tests <1b>[0;32mOK<1b>[0m
     Running test_pkg_caret.R.............. 3 tests <1b>[0;32mOK<1b>[0m
     Running test_pkg_caret.R.............. 3 tests <1b>[0;32mOK<1b>[0m
     Running test_pkg_caret.R.............. 4 tests <1b>[0;32mOK<1b>[0m
     Running test_pkg_caret.R.............. 4 tests <1b>[0;32mOK<1b>[0m
    
     Running test_pkg_earth.R.............. 0 tests
     Running test_pkg_earth.R.............. 0 tests
     Running test_pkg_earth.R.............. 0 tests
     Running test_pkg_earth.R.............. 0 tests
     Running test_pkg_earth.R.............. 0 tests
     Running test_pkg_earth.R.............. 0 tests
     Running test_pkg_earth.R.............. 0 tests
     Running test_pkg_earth.R.............. 0 tests
     Running test_pkg_earth.R.............. 1 tests <1b>[0;32mOK<1b>[0m
     Running test_pkg_earth.R.............. 2 tests <1b>[0;32mOK<1b>[0m
     Running test_pkg_earth.R.............. 3 tests <1b>[0;32mOK<1b>[0m
     Running test_pkg_earth.R.............. 4 tests <1b>[0;32mOK<1b>[0m
     Running test_pkg_earth.R.............. 5 tests <1b>[0;32mOK<1b>[0m
     Running test_pkg_earth.R.............. 5 tests <1b>[0;32mOK<1b>[0m
     Running test_pkg_earth.R.............. 6 tests <1b>[0;32mOK<1b>[0m
     Running test_pkg_earth.R.............. 6 tests <1b>[0;32mOK<1b>[0m
    
     Running test_pkg_gbm.R................ 0 tests
     Running test_pkg_gbm.R................ 0 tests
     Running test_pkg_gbm.R................ 0 tests
     Running test_pkg_gbm.R................ 0 tests
     Running test_pkg_gbm.R................ 0 tests
     Running test_pkg_gbm.R................ 0 tests
     Running test_pkg_gbm.R................ 0 tests
     Running test_pkg_gbm.R................ 0 tests
     Running test_pkg_gbm.R................ 0 tests
     Running test_pkg_gbm.R................ 0 tests
     Running test_pkg_gbm.R................ 1 tests <1b>[0;32mOK<1b>[0m
     Running test_pkg_gbm.R................ 2 tests <1b>[0;32mOK<1b>[0m
     Running test_pkg_gbm.R................ 3 tests <1b>[0;32mOK<1b>[0m
     Running test_pkg_gbm.R................ 3 tests <1b>[0;32mOK<1b>[0m
     Running test_pkg_gbm.R................ 4 tests <1b>[0;32mOK<1b>[0m
     Running test_pkg_gbm.R................ 4 tests <1b>[0;32mOK<1b>[0m
    
     Running test_pkg_glmnet.R............. 0 tests
     Running test_pkg_glmnet.R............. 0 tests
     Running test_pkg_glmnet.R............. 0 tests
     Running test_pkg_glmnet.R............. 0 tests
     Running test_pkg_glmnet.R............. 0 tests
     Running test_pkg_glmnet.R............. 0 tests
     Running test_pkg_glmnet.R............. 0 tests
     Running test_pkg_glmnet.R............. 0 tests
     Running test_pkg_glmnet.R............. 0 tests
     Running test_pkg_glmnet.R............. 1 tests <1b>[0;32mOK<1b>[0m
     Running test_pkg_glmnet.R............. 2 tests <1b>[0;32mOK<1b>[0m
     Running test_pkg_glmnet.R............. 3 tests <1b>[0;32mOK<1b>[0m
     Running test_pkg_glmnet.R............. 4 tests <1b>[0;32mOK<1b>[0m
     Running test_pkg_glmnet.R............. 5 tests <1b>[0;32mOK<1b>[0m
     Running test_pkg_glmnet.R............. 6 tests <1b>[0;32mOK<1b>[0m
     Running test_pkg_glmnet.R............. 6 tests <1b>[0;32mOK<1b>[0m
     Running test_pkg_glmnet.R............. 7 tests <1b>[0;32mOK<1b>[0m
     Running test_pkg_glmnet.R............. 7 tests <1b>[0;32mOK<1b>[0m
    
     Running test_pkg_h2o.R................ 0 tests
     Running test_pkg_h2o.R................ 0 tests
     Running test_pkg_h2o.R................ 0 tests
     Running test_pkg_h2o.R................ 0 tests
     Running test_pkg_h2o.R................ 0 tests
     H2O is not running yet, starting it now...
     Error in .h2o.startJar(ip = ip, port = port, name = name, nthreads = nthreads, :
     Your java is not supported: java version "1.7.0_65"
     Please download the latest Java SE JDK 8 from the following URL:
     http://www.oracle.com/technetwork/java/javase/downloads/jdk8-downloads-2133151.html
     Calls: <Anonymous> ... lapply -> FUN -> eval -> eval -> h2o.init -> .h2o.startJar
     Execution halted
Flavor: r-patched-solaris-x86