Last updated on 2020-01-20 01:50:38 CET.
Flavor | Version | Tinstall | Tcheck | Ttotal | Status | Flags |
---|---|---|---|---|---|---|
r-devel-linux-x86_64-debian-clang | 0.5.1 | 3.77 | 57.79 | 61.56 | OK | |
r-devel-linux-x86_64-debian-gcc | 0.5.1 | 2.76 | 44.23 | 46.99 | OK | |
r-devel-linux-x86_64-fedora-clang | 0.5.1 | 72.23 | NOTE | |||
r-devel-linux-x86_64-fedora-gcc | 0.5.1 | 71.28 | NOTE | |||
r-devel-windows-ix86+x86_64 | 0.5.1 | 16.00 | 53.00 | 69.00 | OK | --no-vignettes |
r-devel-windows-ix86+x86_64-gcc8 | 0.5.1 | 13.00 | 80.00 | 93.00 | OK | --no-vignettes |
r-patched-linux-x86_64 | 0.5.1 | 2.84 | 52.38 | 55.22 | OK | |
r-patched-solaris-x86 | 0.5.1 | 102.10 | NOTE | |||
r-release-linux-x86_64 | 0.5.1 | 3.12 | 51.61 | 54.73 | OK | |
r-release-windows-ix86+x86_64 | 0.5.1 | 14.00 | 54.00 | 68.00 | OK | --no-vignettes |
r-release-osx-x86_64 | 0.5.1 | NOTE | ||||
r-oldrel-windows-ix86+x86_64 | 0.5.1 | 6.00 | 83.00 | 89.00 | OK | --no-vignettes |
r-oldrel-osx-x86_64 | 0.5.1 | NOTE |
Version: 0.5.1
Check: dependencies in R code
Result: NOTE
Namespace in Imports field not imported from: ‘stats’
All declared Imports should be used.
Flavors: r-devel-linux-x86_64-fedora-clang, r-devel-linux-x86_64-fedora-gcc, r-patched-solaris-x86, r-release-osx-x86_64, r-oldrel-osx-x86_64