Last updated on 2020-01-20 01:50:38 CET.
Flavor | Version | Tinstall | Tcheck | Ttotal | Status | Flags |
---|---|---|---|---|---|---|
r-devel-linux-x86_64-debian-clang | 1.0.0 | 21.24 | 165.73 | 186.97 | OK | |
r-devel-linux-x86_64-debian-gcc | 1.0.0 | 16.58 | 126.53 | 143.11 | OK | |
r-devel-linux-x86_64-fedora-clang | 1.0.0 | 222.39 | NOTE | |||
r-devel-linux-x86_64-fedora-gcc | 1.0.0 | 222.69 | NOTE | |||
r-devel-windows-ix86+x86_64 | 1.0.0 | 57.00 | 222.00 | 279.00 | OK | |
r-devel-windows-ix86+x86_64-gcc8 | 1.0.0 | 47.00 | 214.00 | 261.00 | OK | |
r-patched-linux-x86_64 | 1.0.0 | 16.09 | 139.96 | 156.05 | OK | |
r-patched-solaris-x86 | 1.0.0 | 288.20 | NOTE | |||
r-release-linux-x86_64 | 1.0.0 | 16.77 | 139.45 | 156.22 | OK | |
r-release-windows-ix86+x86_64 | 1.0.0 | 51.00 | 145.00 | 196.00 | OK | |
r-release-osx-x86_64 | 1.0.0 | ERROR | ||||
r-oldrel-windows-ix86+x86_64 | 1.0.0 | 17.00 | 124.00 | 141.00 | OK | |
r-oldrel-osx-x86_64 | 1.0.0 | ERROR |
Version: 1.0.0
Check: dependencies in R code
Result: NOTE
Namespaces in Imports field not imported from:
‘DT’ ‘plyr’ ‘reshape’
All declared Imports should be used.
Flavors: r-devel-linux-x86_64-fedora-clang, r-devel-linux-x86_64-fedora-gcc, r-patched-solaris-x86
Version: 1.0.0
Check: whether package can be installed
Result: ERROR
Installation failed.
Flavor: r-release-osx-x86_64
Version: 1.0.0
Check: package dependencies
Result: ERROR
Package required but not available: ‘Rsamtools’
See section ‘The DESCRIPTION file’ in the ‘Writing R Extensions’
manual.
Flavor: r-oldrel-osx-x86_64