Last updated on 2020-01-20 01:50:38 CET.
Flavor | Version | Tinstall | Tcheck | Ttotal | Status | Flags |
---|---|---|---|---|---|---|
r-devel-linux-x86_64-debian-clang | 1.9.1 | 75.85 | 45.39 | 121.24 | OK | |
r-devel-linux-x86_64-debian-gcc | 1.9.1 | 49.71 | 35.49 | 85.20 | OK | |
r-devel-linux-x86_64-fedora-clang | 1.9.1 | 159.20 | OK | |||
r-devel-linux-x86_64-fedora-gcc | 1.9.1 | 149.98 | OK | |||
r-devel-windows-ix86+x86_64 | 1.9.1 | 192.00 | 127.00 | 319.00 | OK | |
r-devel-windows-ix86+x86_64-gcc8 | 1.9.1 | 149.00 | 120.00 | 269.00 | OK | |
r-patched-linux-x86_64 | 1.9.1 | 58.98 | 41.60 | 100.58 | OK | |
r-patched-solaris-x86 | 1.9.1 | 136.10 | OK | |||
r-release-linux-x86_64 | 1.9.1 | 55.60 | 41.39 | 96.99 | OK | |
r-release-windows-ix86+x86_64 | 1.9.1 | 178.00 | 92.00 | 270.00 | OK | |
r-release-osx-x86_64 | 1.9.1 | OK | ||||
r-oldrel-windows-ix86+x86_64 | 1.9.1 | 105.00 | 66.00 | 171.00 | WARN | |
r-oldrel-osx-x86_64 | 1.9.1 | OK |
Version: 1.9.1
Check: re-building of vignette outputs
Result: WARN
Error in re-building vignettes:
...
Loading required package: knitr
Loading required package: wCorr
wCorr v1.9.1
Loading required package: lattice
Loading required package: captioner
! Package pdftex.def Error: File `d:/RCompile/CRANpkg/local/3.5/wCorr.Rcheck/vi
gn_test/wCorr/vignettes/wCorrArguments_files/figure-latex/ML\%20RMSE\%20plot-1.
pdf' not found.
Error: processing vignette 'wCorrArguments.Rmd' failed with diagnostics:
LaTeX failed to compile d:/RCompile/CRANpkg/local/3.5/wCorr.Rcheck/vign_test/wCorr/vignettes/wCorrArguments.tex. See https://yihui.org/tinytex/r/#debugging for debugging tips. See wCorrArguments.log for more info.
Execution halted
Flavor: r-oldrel-windows-ix86+x86_64