Last updated on 2020-01-20 01:50:38 CET.
Flavor | Version | Tinstall | Tcheck | Ttotal | Status | Flags |
---|---|---|---|---|---|---|
r-devel-linux-x86_64-debian-clang | 0.2.2 | 11.54 | 138.18 | 149.72 | OK | |
r-devel-linux-x86_64-debian-gcc | 0.2.2 | 9.65 | 111.76 | 121.41 | OK | |
r-devel-linux-x86_64-fedora-clang | 0.2.2 | 177.21 | NOTE | |||
r-devel-linux-x86_64-fedora-gcc | 0.2.2 | 171.60 | NOTE | |||
r-devel-windows-ix86+x86_64 | 0.2.2 | 29.00 | 198.00 | 227.00 | OK | |
r-devel-windows-ix86+x86_64-gcc8 | 0.2.2 | 23.00 | 186.00 | 209.00 | OK | |
r-patched-linux-x86_64 | 0.2.2 | 10.01 | 123.97 | 133.98 | OK | |
r-patched-solaris-x86 | 0.2.2 | 234.90 | NOTE | |||
r-release-linux-x86_64 | 0.2.2 | 10.23 | 123.70 | 133.93 | OK | |
r-release-windows-ix86+x86_64 | 0.2.2 | 24.00 | 131.00 | 155.00 | OK | |
r-release-osx-x86_64 | 0.2.2 | NOTE | ||||
r-oldrel-windows-ix86+x86_64 | 0.2.2 | 9.00 | 120.00 | 129.00 | OK | |
r-oldrel-osx-x86_64 | 0.2.2 | NOTE |
Version: 0.2.2
Check: dependencies in R code
Result: NOTE
Namespace in Imports field not imported from: ‘rgdal’
All declared Imports should be used.
Flavors: r-devel-linux-x86_64-fedora-clang, r-devel-linux-x86_64-fedora-gcc, r-patched-solaris-x86, r-release-osx-x86_64, r-oldrel-osx-x86_64