CRAN Package Check Results for Package weibulltools

Last updated on 2020-01-20 01:50:39 CET.

Flavor Version Tinstall Tcheck Ttotal Status Flags
r-devel-linux-x86_64-debian-clang 1.0.1 44.56 93.31 137.87 OK
r-devel-linux-x86_64-debian-gcc 1.0.1 28.00 69.65 97.65 OK
r-devel-linux-x86_64-fedora-clang 1.0.1 163.34 NOTE
r-devel-linux-x86_64-fedora-gcc 1.0.1 157.09 OK
r-devel-windows-ix86+x86_64 1.0.1 108.00 217.00 325.00 NOTE
r-devel-windows-ix86+x86_64-gcc8 1.0.1 99.00 206.00 305.00 NOTE
r-patched-linux-x86_64 1.0.1 34.22 83.06 117.28 OK
r-patched-solaris-x86 1.0.1 171.80 NOTE
r-release-linux-x86_64 1.0.1 31.30 82.70 114.00 OK
r-release-windows-ix86+x86_64 1.0.1 108.00 139.00 247.00 NOTE
r-release-osx-x86_64 1.0.1 NOTE
r-oldrel-windows-ix86+x86_64 1.0.1 67.00 124.00 191.00 NOTE
r-oldrel-osx-x86_64 1.0.1 NOTE

Check Details

Version: 1.0.1
Check: installed package size
Result: NOTE
     installed size is 13.5Mb
     sub-directories of 1Mb or more:
     doc 11.9Mb
     libs 1.3Mb
Flavors: r-devel-linux-x86_64-fedora-clang, r-devel-windows-ix86+x86_64, r-devel-windows-ix86+x86_64-gcc8, r-patched-solaris-x86, r-release-windows-ix86+x86_64, r-release-osx-x86_64, r-oldrel-windows-ix86+x86_64, r-oldrel-osx-x86_64