Last updated on 2020-01-20 01:50:39 CET.
Flavor | Version | Tinstall | Tcheck | Ttotal | Status | Flags |
---|---|---|---|---|---|---|
r-devel-linux-x86_64-debian-clang | 1.2.0 | 5.51 | 48.40 | 53.91 | OK | |
r-devel-linux-x86_64-debian-gcc | 1.2.0 | 4.20 | 37.87 | 42.07 | OK | |
r-devel-linux-x86_64-fedora-clang | 1.2.0 | 66.99 | OK | |||
r-devel-linux-x86_64-fedora-gcc | 1.2.0 | 65.30 | OK | |||
r-devel-windows-ix86+x86_64 | 1.2.0 | 11.00 | 62.00 | 73.00 | OK | |
r-devel-windows-ix86+x86_64-gcc8 | 1.2.0 | 11.00 | 82.00 | 93.00 | OK | |
r-patched-linux-x86_64 | 1.2.0 | 4.85 | 44.38 | 49.23 | OK | |
r-patched-solaris-x86 | 1.2.0 | 93.90 | OK | |||
r-release-linux-x86_64 | 1.2.0 | 5.04 | 44.32 | 49.36 | OK | |
r-release-windows-ix86+x86_64 | 1.2.0 | 13.00 | 57.00 | 70.00 | OK | |
r-release-osx-x86_64 | 1.2.0 | OK | ||||
r-oldrel-osx-x86_64 | 1.2.0 | ERROR |
Version: 1.2.0
Check: whether package can be installed
Result: ERROR
Installation failed.
Flavor: r-oldrel-osx-x86_64