Last updated on 2020-01-20 01:50:39 CET.
Flavor | Version | Tinstall | Tcheck | Ttotal | Status | Flags |
---|---|---|---|---|---|---|
r-devel-linux-x86_64-debian-clang | 1.1-2 | 3.57 | 38.81 | 42.38 | OK | |
r-devel-linux-x86_64-debian-gcc | 1.1-2 | 2.37 | 31.49 | 33.86 | OK | |
r-devel-linux-x86_64-fedora-clang | 1.1-2 | 51.11 | NOTE | |||
r-devel-linux-x86_64-fedora-gcc | 1.1-2 | 50.51 | OK | |||
r-devel-windows-ix86+x86_64 | 1.1-2 | 13.00 | 54.00 | 67.00 | NOTE | |
r-devel-windows-ix86+x86_64-gcc8 | 1.1-2 | 10.00 | 81.00 | 91.00 | NOTE | |
r-patched-linux-x86_64 | 1.1-2 | 2.36 | 35.84 | 38.20 | OK | |
r-patched-solaris-x86 | 1.1-2 | 77.80 | NOTE | |||
r-release-linux-x86_64 | 1.1-2 | 2.65 | 35.87 | 38.52 | OK | |
r-release-windows-ix86+x86_64 | 1.1-2 | 11.00 | 57.00 | 68.00 | NOTE | |
r-release-osx-x86_64 | 1.1-2 | NOTE | ||||
r-oldrel-windows-ix86+x86_64 | 1.1-2 | 6.00 | 44.00 | 50.00 | NOTE | |
r-oldrel-osx-x86_64 | 1.1-2 | NOTE |
Version: 1.1-2
Check: installed package size
Result: NOTE
installed size is 11.4Mb
sub-directories of 1Mb or more:
data 11.2Mb
Flavors: r-devel-linux-x86_64-fedora-clang, r-devel-windows-ix86+x86_64, r-devel-windows-ix86+x86_64-gcc8, r-patched-solaris-x86, r-release-windows-ix86+x86_64, r-release-osx-x86_64, r-oldrel-windows-ix86+x86_64, r-oldrel-osx-x86_64