CRAN Package Check Results for Package ACD

Last updated on 2020-02-15 01:01:17 CET.

Flavor Version Tinstall Tcheck Ttotal Status Flags
r-devel-linux-x86_64-debian-clang 1.5.3 9.02 35.72 44.74 NOTE
r-devel-linux-x86_64-debian-gcc 1.5.3 5.44 38.38 43.82 NOTE
r-devel-linux-x86_64-fedora-clang 1.5.3 70.17 NOTE
r-devel-linux-x86_64-fedora-gcc 1.5.3 41.18 NOTE
r-devel-windows-ix86+x86_64 1.5.3 13.00 60.00 73.00 NOTE
r-devel-windows-ix86+x86_64-gcc8 1.5.3 16.00 73.00 89.00 NOTE
r-patched-linux-x86_64 1.5.3 6.78 27.63 34.41 NOTE
r-patched-solaris-x86 1.5.3 83.00 NOTE
r-release-linux-x86_64 1.5.3 6.87 30.00 36.87 NOTE
r-release-windows-ix86+x86_64 1.5.3 11.00 76.00 87.00 NOTE
r-release-osx-x86_64 1.5.3 NOTE
r-oldrel-windows-ix86+x86_64 1.5.3 9.00 54.00 63.00 NOTE
r-oldrel-osx-x86_64 1.5.3 NOTE

Check Details

Version: 1.5.3
Check: DESCRIPTION meta-information
Result: NOTE
    Malformed Description field: should contain one or more complete sentences.
Flavors: r-devel-linux-x86_64-debian-clang, r-devel-linux-x86_64-debian-gcc, r-devel-linux-x86_64-fedora-clang, r-devel-linux-x86_64-fedora-gcc, r-devel-windows-ix86+x86_64, r-devel-windows-ix86+x86_64-gcc8, r-patched-linux-x86_64, r-patched-solaris-x86, r-release-linux-x86_64, r-release-windows-ix86+x86_64, r-release-osx-x86_64, r-oldrel-windows-ix86+x86_64, r-oldrel-osx-x86_64

Version: 1.5.3
Check: R code for possible problems
Result: NOTE
    print.funlinWLS: no visible global function definition for 'pchisq'
    print.linML: no visible global function definition for 'pchisq'
    print.loglinML: no visible global function definition for 'pchisq'
    print.satMarML: no visible global function definition for 'pchisq'
    print.satMcarWLS: no visible global function definition for 'pchisq'
    summary.funlinWLS: no visible global function definition for 'pchisq'
    summary.linML: no visible global function definition for 'pchisq'
    summary.loglinML: no visible global function definition for 'pchisq'
    summary.satMarML: no visible global function definition for 'pchisq'
    summary.satMcarWLS: no visible global function definition for 'pchisq'
    summary.waldTest: no visible global function definition for 'pchisq'
    Undefined global functions or variables:
     pchisq
    Consider adding
     importFrom("stats", "pchisq")
    to your NAMESPACE file.
Flavors: r-devel-linux-x86_64-debian-clang, r-devel-linux-x86_64-debian-gcc, r-devel-linux-x86_64-fedora-clang, r-devel-linux-x86_64-fedora-gcc, r-devel-windows-ix86+x86_64, r-devel-windows-ix86+x86_64-gcc8, r-patched-linux-x86_64, r-patched-solaris-x86, r-release-linux-x86_64, r-release-windows-ix86+x86_64, r-release-osx-x86_64, r-oldrel-windows-ix86+x86_64, r-oldrel-osx-x86_64