CRAN Package Check Results for Package ACDm

Last updated on 2020-02-15 01:01:17 CET.

Flavor Version Tinstall Tcheck Ttotal Status Flags
r-devel-linux-x86_64-debian-clang 1.0.4 17.30 72.84 90.14 OK
r-devel-linux-x86_64-debian-gcc 1.0.4 13.20 55.22 68.42 OK
r-devel-linux-x86_64-fedora-clang 1.0.4 109.50 NOTE
r-devel-linux-x86_64-fedora-gcc 1.0.4 119.02 NOTE
r-devel-windows-ix86+x86_64 1.0.4 41.00 154.00 195.00 OK
r-devel-windows-ix86+x86_64-gcc8 1.0.4 48.00 205.00 253.00 OK
r-patched-linux-x86_64 1.0.4 13.42 65.91 79.33 OK
r-patched-solaris-x86 1.0.4 158.40 OK
r-release-linux-x86_64 1.0.4 14.56 65.36 79.92 OK
r-release-windows-ix86+x86_64 1.0.4 34.00 142.00 176.00 OK
r-release-osx-x86_64 1.0.4 OK
r-oldrel-windows-ix86+x86_64 1.0.4 28.00 116.00 144.00 OK
r-oldrel-osx-x86_64 1.0.4 OK

Check Details

Version: 1.0.4
Check: compiled code
Result: NOTE
    File ‘ACDm/libs/ACDm.so’:
     Found no calls to: ‘R_registerRoutines’, ‘R_useDynamicSymbols’
    
    It is good practice to register native routines and to disable symbol
    search.
    
    See ‘Writing portable packages’ in the ‘Writing R Extensions’ manual.
Flavors: r-devel-linux-x86_64-fedora-clang, r-devel-linux-x86_64-fedora-gcc