Last updated on 2020-02-15 01:01:17 CET.
Flavor | Version | Tinstall | Tcheck | Ttotal | Status | Flags |
---|---|---|---|---|---|---|
r-devel-linux-x86_64-debian-clang | 0.16.8.25 | 4.94 | 49.27 | 54.21 | OK | |
r-devel-linux-x86_64-debian-gcc | 0.16.8.25 | 3.73 | 37.97 | 41.70 | OK | |
r-devel-linux-x86_64-fedora-clang | 0.16.8.25 | 64.87 | OK | |||
r-devel-linux-x86_64-fedora-gcc | 0.16.8.25 | 73.70 | OK | |||
r-devel-windows-ix86+x86_64 | 0.16.8.25 | 15.00 | 75.00 | 90.00 | OK | |
r-devel-windows-ix86+x86_64-gcc8 | 0.16.8.25 | 20.00 | 109.00 | 129.00 | OK | |
r-patched-linux-x86_64 | 0.16.8.25 | 3.90 | 43.71 | 47.61 | OK | |
r-patched-solaris-x86 | 0.16.8.25 | 84.90 | OK | |||
r-release-linux-x86_64 | 0.16.8.25 | 3.14 | 44.24 | 47.38 | OK | |
r-release-windows-ix86+x86_64 | 0.16.8.25 | 11.00 | 71.00 | 82.00 | OK | |
r-release-osx-x86_64 | 0.16.8.25 | OK | ||||
r-oldrel-windows-ix86+x86_64 | 0.16.8.25 | 6.00 | 51.00 | 57.00 | WARN | |
r-oldrel-osx-x86_64 | 0.16.8.25 | OK |
Version: 0.16.8.25
Check: whether package can be installed
Result: WARN
Found the following significant warnings:
Warning: S3 methods '[.fun_list', '[.grouped_df', 'all.equal.tbl_df', 'anti_join.data.frame', 'anti_join.tbl_df', 'arrange.data.frame', 'arrange.default', 'arrange.grouped_df', 'arrange.tbl_df', 'arrange_.data.frame', 'arrange_.tbl_df', 'as.data.frame.grouped_df', 'as.data.frame.rowwise_df', 'as.data.frame.tbl_cube', 'as.table.tbl_cube', 'as.tbl.data.frame', 'as.tbl.tbl', 'as.tbl_cube.array', 'as.tbl_cube.data.frame', 'as.tbl_cube.matrix', 'as.tbl_cube.table', 'as_tibble.grouped_df', 'as_tibble.tbl_cube', 'auto_copy.tbl_cube', 'auto_copy.tbl_df', 'cbind.grouped_df', 'collapse.data.frame', 'collect.data.frame', 'common_by.NULL', 'common_by.character', 'common_by.default', 'common_by.list', 'compute.data.frame', 'copy_to.DBIConnection', 'copy_to.src_local', 'default_missing.data.frame', 'default_missing.default', 'dim.tbl_cube', 'distinct.data.frame', 'distinct.default', 'distinct.grouped_df', 'distinct.tbl_df', 'distinct_.data.frame', 'distinct_.grouped_df', 'distinct_.tbl_df', 'do.NULL', 'do.da [... truncated]
Flavor: r-oldrel-windows-ix86+x86_64