Last updated on 2020-02-15 01:01:17 CET.
Flavor | Version | Tinstall | Tcheck | Ttotal | Status | Flags |
---|---|---|---|---|---|---|
r-devel-linux-x86_64-debian-clang | 0.7 | 2.57 | 59.39 | 61.96 | OK | |
r-devel-linux-x86_64-debian-gcc | 0.7 | 2.79 | 43.92 | 46.71 | OK | |
r-devel-linux-x86_64-fedora-clang | 0.7 | 77.03 | NOTE | |||
r-devel-linux-x86_64-fedora-gcc | 0.7 | 83.33 | NOTE | |||
r-devel-windows-ix86+x86_64 | 0.7 | 7.00 | 84.00 | 91.00 | OK | |
r-devel-windows-ix86+x86_64-gcc8 | 0.7 | 11.00 | 103.00 | 114.00 | OK | |
r-patched-linux-x86_64 | 0.7 | 2.16 | 56.13 | 58.29 | OK | |
r-patched-solaris-x86 | 0.7 | 126.30 | NOTE | |||
r-release-linux-x86_64 | 0.7 | 2.54 | 57.34 | 59.88 | OK | |
r-release-windows-ix86+x86_64 | 0.7 | 6.00 | 86.00 | 92.00 | OK | |
r-release-osx-x86_64 | 0.7 | NOTE | ||||
r-oldrel-windows-ix86+x86_64 | 0.7 | 5.00 | 69.00 | 74.00 | OK | |
r-oldrel-osx-x86_64 | 0.7 | NOTE |
Version: 0.7
Check: dependencies in R code
Result: NOTE
Namespaces in Imports field not imported from:
‘fields’ ‘knitr’
All declared Imports should be used.
Flavors: r-devel-linux-x86_64-fedora-clang, r-devel-linux-x86_64-fedora-gcc, r-patched-solaris-x86, r-release-osx-x86_64, r-oldrel-osx-x86_64