CRAN Package Check Results for Package ALSCPC

Last updated on 2020-02-15 01:01:18 CET.

Flavor Version Tinstall Tcheck Ttotal Status Flags
r-devel-linux-x86_64-debian-clang 1.0 1.74 18.61 20.35 NOTE
r-devel-linux-x86_64-debian-gcc 1.0 1.49 14.70 16.19 NOTE
r-devel-linux-x86_64-fedora-clang 1.0 25.37 NOTE
r-devel-linux-x86_64-fedora-gcc 1.0 27.23 NOTE
r-devel-windows-ix86+x86_64 1.0 5.00 30.00 35.00 NOTE
r-devel-windows-ix86+x86_64-gcc8 1.0 6.00 38.00 44.00 NOTE
r-patched-linux-x86_64 1.0 1.55 16.84 18.39 NOTE
r-patched-solaris-x86 1.0 35.60 NOTE
r-release-linux-x86_64 1.0 1.58 16.96 18.54 NOTE
r-release-windows-ix86+x86_64 1.0 4.00 47.00 51.00 NOTE
r-release-osx-x86_64 1.0 NOTE
r-oldrel-windows-ix86+x86_64 1.0 3.00 28.00 31.00 NOTE
r-oldrel-osx-x86_64 1.0 NOTE

Check Details

Version: 1.0
Check: DESCRIPTION meta-information
Result: NOTE
    Malformed Title field: should not end in a period.
Flavors: r-devel-linux-x86_64-debian-clang, r-devel-linux-x86_64-debian-gcc, r-devel-linux-x86_64-fedora-clang, r-devel-linux-x86_64-fedora-gcc, r-devel-windows-ix86+x86_64, r-devel-windows-ix86+x86_64-gcc8, r-patched-linux-x86_64, r-patched-solaris-x86, r-release-linux-x86_64, r-release-windows-ix86+x86_64, r-release-osx-x86_64, r-oldrel-windows-ix86+x86_64, r-oldrel-osx-x86_64