Last updated on 2020-02-15 01:01:18 CET.
Flavor | Version | Tinstall | Tcheck | Ttotal | Status | Flags |
---|---|---|---|---|---|---|
r-devel-linux-x86_64-debian-clang | 0.0.2 | 7.32 | 66.13 | 73.45 | OK | |
r-devel-linux-x86_64-debian-gcc | 0.0.2 | 5.90 | 49.71 | 55.61 | OK | |
r-devel-linux-x86_64-fedora-clang | 0.0.2 | 86.07 | NOTE | |||
r-devel-linux-x86_64-fedora-gcc | 0.0.2 | 93.36 | NOTE | |||
r-devel-windows-ix86+x86_64 | 0.0.2 | 18.00 | 85.00 | 103.00 | OK | |
r-devel-windows-ix86+x86_64-gcc8 | 0.0.2 | 23.00 | 108.00 | 131.00 | OK | |
r-patched-linux-x86_64 | 0.0.2 | 5.09 | 58.03 | 63.12 | OK | |
r-patched-solaris-x86 | 0.0.2 | 110.50 | NOTE | |||
r-release-linux-x86_64 | 0.0.2 | 5.28 | 57.91 | 63.19 | OK | |
r-release-windows-ix86+x86_64 | 0.0.2 | 13.00 | 80.00 | 93.00 | OK | |
r-release-osx-x86_64 | 0.0.2 | NOTE | ||||
r-oldrel-windows-ix86+x86_64 | 0.0.2 | 8.00 | 76.00 | 84.00 | OK | |
r-oldrel-osx-x86_64 | 0.0.2 | NOTE |
Version: 0.0.2
Check: dependencies in R code
Result: NOTE
Namespace in Imports field not imported from: ‘shinyjs’
All declared Imports should be used.
Flavors: r-devel-linux-x86_64-fedora-clang, r-devel-linux-x86_64-fedora-gcc, r-patched-solaris-x86, r-release-osx-x86_64, r-oldrel-osx-x86_64