Last updated on 2020-02-15 01:01:18 CET.
Flavor | Version | Tinstall | Tcheck | Ttotal | Status | Flags |
---|---|---|---|---|---|---|
r-devel-linux-x86_64-debian-clang | 0.9.0 | 23.26 | 448.54 | 471.80 | OK | |
r-devel-linux-x86_64-debian-gcc | 0.9.0 | 20.53 | 317.69 | 338.22 | OK | |
r-devel-linux-x86_64-fedora-clang | 0.9.0 | 501.61 | NOTE | |||
r-devel-linux-x86_64-fedora-gcc | 0.9.0 | 497.95 | OK | |||
r-devel-windows-ix86+x86_64 | 0.9.0 | 42.00 | 391.00 | 433.00 | NOTE | |
r-devel-windows-ix86+x86_64-gcc8 | 0.9.0 | 54.00 | 445.00 | 499.00 | NOTE | |
r-patched-linux-x86_64 | 0.9.0 | 21.49 | 370.89 | 392.38 | OK | |
r-patched-solaris-x86 | 0.9.0 | 614.90 | NOTE | |||
r-release-linux-x86_64 | 0.9.0 | 21.00 | 375.28 | 396.28 | OK | |
r-release-windows-ix86+x86_64 | 0.9.0 | 38.00 | 343.00 | 381.00 | NOTE | |
r-release-osx-x86_64 | 0.9.0 | NOTE | ||||
r-oldrel-windows-ix86+x86_64 | 0.9.0 | 27.00 | 354.00 | 381.00 | NOTE | |
r-oldrel-osx-x86_64 | 0.9.0 | NOTE |
Version: 0.9.0
Check: installed package size
Result: NOTE
installed size is 5.8Mb
sub-directories of 1Mb or more:
data 3.3Mb
Flavors: r-devel-linux-x86_64-fedora-clang, r-devel-windows-ix86+x86_64, r-devel-windows-ix86+x86_64-gcc8, r-patched-solaris-x86, r-release-windows-ix86+x86_64, r-release-osx-x86_64, r-oldrel-windows-ix86+x86_64, r-oldrel-osx-x86_64