Last updated on 2020-02-15 01:01:18 CET.
Flavor | Version | Tinstall | Tcheck | Ttotal | Status | Flags |
---|---|---|---|---|---|---|
r-devel-linux-x86_64-debian-clang | 0.1.0.2374 | 2.04 | 18.17 | 20.21 | NOTE | |
r-devel-linux-x86_64-debian-gcc | 0.1.0.2374 | 1.77 | 14.55 | 16.32 | NOTE | |
r-devel-linux-x86_64-fedora-clang | 0.1.0.2374 | 25.74 | NOTE | |||
r-devel-linux-x86_64-fedora-gcc | 0.1.0.2374 | 27.13 | NOTE | |||
r-devel-windows-ix86+x86_64 | 0.1.0.2374 | 5.00 | 30.00 | 35.00 | NOTE | |
r-devel-windows-ix86+x86_64-gcc8 | 0.1.0.2374 | 7.00 | 36.00 | 43.00 | NOTE | |
r-patched-linux-x86_64 | 0.1.0.2374 | 1.79 | 17.07 | 18.86 | NOTE | |
r-patched-solaris-x86 | 0.1.0.2374 | 36.20 | NOTE | |||
r-release-linux-x86_64 | 0.1.0.2374 | 1.70 | 16.58 | 18.28 | NOTE | |
r-release-windows-ix86+x86_64 | 0.1.0.2374 | 5.00 | 42.00 | 47.00 | NOTE | |
r-release-osx-x86_64 | 0.1.0.2374 | NOTE | ||||
r-oldrel-windows-ix86+x86_64 | 0.1.0.2374 | 2.00 | 25.00 | 27.00 | NOTE | |
r-oldrel-osx-x86_64 | 0.1.0.2374 | NOTE |
Version: 0.1.0.2374
Check: DESCRIPTION meta-information
Result: NOTE
Malformed Description field: should contain one or more complete sentences.
Flavors: r-devel-linux-x86_64-debian-clang, r-devel-linux-x86_64-debian-gcc, r-devel-linux-x86_64-fedora-clang, r-devel-linux-x86_64-fedora-gcc, r-devel-windows-ix86+x86_64, r-devel-windows-ix86+x86_64-gcc8, r-patched-linux-x86_64, r-patched-solaris-x86, r-release-linux-x86_64, r-release-windows-ix86+x86_64, r-release-osx-x86_64, r-oldrel-windows-ix86+x86_64, r-oldrel-osx-x86_64
Version: 0.1.0.2374
Check: R code for possible problems
Result: NOTE
runAPSIM: warning in scan(reports_file[i], "", sep = "", skip =
length(temp), nline = 1): partial argument match of 'nline' to
'nlines'
runAPSIM: no visible global function definition for 'write.table'
runAPSIM: no visible global function definition for 'read.table'
Undefined global functions or variables:
read.table write.table
Consider adding
importFrom("utils", "read.table", "write.table")
to your NAMESPACE file.
Flavors: r-devel-linux-x86_64-debian-clang, r-devel-linux-x86_64-debian-gcc, r-devel-linux-x86_64-fedora-clang, r-devel-linux-x86_64-fedora-gcc, r-devel-windows-ix86+x86_64, r-devel-windows-ix86+x86_64-gcc8, r-patched-linux-x86_64, r-patched-solaris-x86, r-release-linux-x86_64, r-release-windows-ix86+x86_64, r-release-osx-x86_64, r-oldrel-windows-ix86+x86_64, r-oldrel-osx-x86_64