Last updated on 2020-02-15 01:01:18 CET.
Flavor | Version | Tinstall | Tcheck | Ttotal | Status | Flags |
---|---|---|---|---|---|---|
r-devel-linux-x86_64-debian-clang | 6.8.8 | 9.47 | 72.30 | 81.77 | NOTE | |
r-devel-linux-x86_64-debian-gcc | 6.8.8 | 6.90 | 55.68 | 62.58 | NOTE | |
r-devel-linux-x86_64-fedora-clang | 6.8.8 | 96.96 | NOTE | |||
r-devel-linux-x86_64-fedora-gcc | 6.8.8 | 104.28 | NOTE | |||
r-devel-windows-ix86+x86_64 | 6.8.8 | 16.00 | 88.00 | 104.00 | OK | |
r-devel-windows-ix86+x86_64-gcc8 | 6.8.8 | 22.00 | 106.00 | 128.00 | OK | |
r-patched-linux-x86_64 | 6.8.8 | 7.81 | 64.46 | 72.27 | OK | |
r-patched-solaris-x86 | 6.8.8 | 132.00 | OK | |||
r-release-linux-x86_64 | 6.8.8 | 6.95 | 64.93 | 71.88 | OK | |
r-release-windows-ix86+x86_64 | 6.8.8 | 14.00 | 73.00 | 87.00 | OK | |
r-release-osx-x86_64 | 6.8.8 | OK | ||||
r-oldrel-windows-ix86+x86_64 | 6.8.8 | 8.00 | 102.00 | 110.00 | OK | |
r-oldrel-osx-x86_64 | 6.8.8 | OK |
Version: 6.8.8
Check: for non-standard things in the check directory
Result: NOTE
Found the following files/directories:
'APBinary_PPV.csv' 'APBinary_TPF.csv'
'APBinary_ap_summary(method=perturbation,B=1500).csv'
'APBinary_auc_summary(method=perturbation,B=1500).csv'
'APSurv_PPV.csv' 'APSurv_TPF.csv'
'APSurv_ap_summary(method=bootstrap,B=500).csv'
'APSurv_auc_summary(method=bootstrap,B=500).csv'
'CompareAP_Binary_dap_summary(method=none).csv'
'CompareAP_Survival_dap_summary(method=bootstrap,B=500).csv'
Flavors: r-devel-linux-x86_64-debian-clang, r-devel-linux-x86_64-debian-gcc, r-devel-linux-x86_64-fedora-clang, r-devel-linux-x86_64-fedora-gcc