CRAN Package Check Results for Package ActiveDriverWGS

Last updated on 2020-02-15 01:01:17 CET.

Flavor Version Tinstall Tcheck Ttotal Status Flags
r-devel-linux-x86_64-debian-clang 1.0.1 3.93 324.73 328.66 OK
r-devel-linux-x86_64-debian-gcc 1.0.1 2.92 247.08 250.00 OK
r-devel-linux-x86_64-fedora-clang 1.0.1 414.70 OK
r-devel-linux-x86_64-fedora-gcc 1.0.1 408.07 OK
r-devel-windows-ix86+x86_64 1.0.1 8.00 360.00 368.00 OK
r-devel-windows-ix86+x86_64-gcc8 1.0.1 13.00 427.00 440.00 OK
r-patched-linux-x86_64 1.0.1 3.14 297.33 300.47 OK
r-patched-solaris-x86 1.0.1 717.70 OK
r-release-linux-x86_64 1.0.1 3.27 303.59 306.86 OK
r-release-windows-ix86+x86_64 1.0.1 5.00 304.00 309.00 OK
r-release-osx-x86_64 1.0.1 ERROR
r-oldrel-windows-ix86+x86_64 1.0.1 5.00 356.00 361.00 OK
r-oldrel-osx-x86_64 1.0.1 ERROR

Check Details

Version: 1.0.1
Check: package dependencies
Result: ERROR
    Package required but not available: ‘BSgenome.Hsapiens.UCSC.hg19’
    
    See section ‘The DESCRIPTION file’ in the ‘Writing R Extensions’
    manual.
Flavor: r-release-osx-x86_64

Version: 1.0.1
Check: package dependencies
Result: ERROR
    Packages required but not available:
     ‘BSgenome’ ‘BSgenome.Hsapiens.UCSC.hg19’
    
    See section ‘The DESCRIPTION file’ in the ‘Writing R Extensions’
    manual.
Flavor: r-oldrel-osx-x86_64