CRAN Package Check Results for Package Ake

Last updated on 2020-02-15 01:01:18 CET.

Flavor Version Tinstall Tcheck Ttotal Status Flags
r-devel-linux-x86_64-debian-clang 1.0 2.76 25.05 27.81 NOTE
r-devel-linux-x86_64-debian-gcc 1.0 2.42 19.62 22.04 NOTE
r-devel-linux-x86_64-fedora-clang 1.0 33.95 NOTE
r-devel-linux-x86_64-fedora-gcc 1.0 36.21 NOTE
r-devel-windows-ix86+x86_64 1.0 6.00 37.00 43.00 NOTE
r-devel-windows-ix86+x86_64-gcc8 1.0 8.00 47.00 55.00 NOTE
r-patched-linux-x86_64 1.0 2.42 23.18 25.60 NOTE
r-patched-solaris-x86 1.0 49.10 NOTE
r-release-linux-x86_64 1.0 2.24 22.93 25.17 NOTE
r-release-windows-ix86+x86_64 1.0 4.00 44.00 48.00 NOTE
r-release-osx-x86_64 1.0 NOTE
r-oldrel-windows-ix86+x86_64 1.0 4.00 35.00 39.00 NOTE
r-oldrel-osx-x86_64 1.0 NOTE

Check Details

Version: 1.0
Check: R code for possible problems
Result: NOTE
    dke.fun.default: no visible global function definition for 'hist'
    kef: no visible global function definition for 'dbinom'
    kef: no visible global function definition for 'dgamma'
    kef: no visible global function definition for 'dlnorm'
    plot.dke.fun: no visible global function definition for 'hist'
    plot.dke.fun: no visible global function definition for 'lines'
    plot.hcvc.fun1d: no visible global function definition for
     'plot.default'
    plot.hcvd.fun1d: no visible global function definition for
     'plot.default'
    plot.kern.fun1d: no visible global function definition for
     'plot.default'
    plot.kpmfe.fun1d: no visible global function definition for
     'plot.default'
    plot.reg.fun1d: no visible global function definition for
     'plot.default'
    simp_int: no visible global function definition for 'approx'
    Undefined global functions or variables:
     approx dbinom dgamma dlnorm hist lines plot.default
    Consider adding
     importFrom("graphics", "hist", "lines", "plot.default")
     importFrom("stats", "approx", "dbinom", "dgamma", "dlnorm")
    to your NAMESPACE file.
Flavors: r-devel-linux-x86_64-debian-clang, r-devel-linux-x86_64-debian-gcc, r-devel-linux-x86_64-fedora-clang, r-devel-linux-x86_64-fedora-gcc, r-devel-windows-ix86+x86_64, r-devel-windows-ix86+x86_64-gcc8, r-patched-linux-x86_64, r-patched-solaris-x86, r-release-linux-x86_64, r-release-windows-ix86+x86_64, r-release-osx-x86_64, r-oldrel-windows-ix86+x86_64, r-oldrel-osx-x86_64