Last updated on 2020-02-15 01:01:18 CET.
Flavor | Version | Tinstall | Tcheck | Ttotal | Status | Flags |
---|---|---|---|---|---|---|
r-devel-linux-x86_64-debian-clang | 1.0 | 2.62 | 24.36 | 26.98 | NOTE | |
r-devel-linux-x86_64-debian-gcc | 1.0 | 2.44 | 18.97 | 21.41 | NOTE | |
r-devel-linux-x86_64-fedora-clang | 1.0 | 33.39 | NOTE | |||
r-devel-linux-x86_64-fedora-gcc | 1.0 | 36.06 | NOTE | |||
r-devel-windows-ix86+x86_64 | 1.0 | 6.00 | 40.00 | 46.00 | NOTE | |
r-devel-windows-ix86+x86_64-gcc8 | 1.0 | 11.00 | 50.00 | 61.00 | NOTE | |
r-patched-linux-x86_64 | 1.0 | 2.49 | 22.10 | 24.59 | NOTE | |
r-patched-solaris-x86 | 1.0 | 52.10 | NOTE | |||
r-release-linux-x86_64 | 1.0 | 2.30 | 22.19 | 24.49 | NOTE | |
r-release-windows-ix86+x86_64 | 1.0 | 5.00 | 39.00 | 44.00 | NOTE | |
r-release-osx-x86_64 | 1.0 | NOTE | ||||
r-oldrel-windows-ix86+x86_64 | 1.0 | 4.00 | 39.00 | 43.00 | NOTE | |
r-oldrel-osx-x86_64 | 1.0 | NOTE |
Version: 1.0
Check: top-level files
Result: NOTE
Non-standard files/directories found at top level:
'AnDE.pdf' 'DESCRIPTION.dcf' 'helpme'
Flavors: r-devel-linux-x86_64-debian-clang, r-devel-linux-x86_64-debian-gcc, r-devel-linux-x86_64-fedora-clang, r-devel-linux-x86_64-fedora-gcc, r-patched-linux-x86_64, r-release-linux-x86_64
Version: 1.0
Check: dependencies in R code
Result: NOTE
Packages in Depends field not imported from:
'discretization' 'foreign' 'functional' 'stringr'
These packages need to be imported from (in the NAMESPACE file)
for when this namespace is loaded but not attached.
Flavors: r-devel-linux-x86_64-debian-clang, r-devel-linux-x86_64-debian-gcc, r-devel-linux-x86_64-fedora-clang, r-devel-linux-x86_64-fedora-gcc, r-devel-windows-ix86+x86_64, r-devel-windows-ix86+x86_64-gcc8, r-patched-linux-x86_64, r-patched-solaris-x86, r-release-linux-x86_64, r-release-windows-ix86+x86_64, r-release-osx-x86_64, r-oldrel-windows-ix86+x86_64, r-oldrel-osx-x86_64
Version: 1.0
Check: R code for possible problems
Result: NOTE
aode: no visible global function definition for 'Compose'
mdl: no visible global function definition for 'cutPoints'
setVar: no visible global function definition for 'Compose'
Undefined global functions or variables:
Compose cutPoints
Flavors: r-devel-linux-x86_64-debian-clang, r-devel-linux-x86_64-debian-gcc, r-devel-linux-x86_64-fedora-clang, r-devel-linux-x86_64-fedora-gcc, r-devel-windows-ix86+x86_64, r-devel-windows-ix86+x86_64-gcc8, r-patched-linux-x86_64, r-patched-solaris-x86, r-release-linux-x86_64, r-release-windows-ix86+x86_64, r-release-osx-x86_64, r-oldrel-windows-ix86+x86_64, r-oldrel-osx-x86_64