CRAN Package Check Results for Package BayesianNetwork

Last updated on 2020-02-15 01:01:18 CET.

Flavor Version Tinstall Tcheck Ttotal Status Flags
r-devel-linux-x86_64-debian-clang 0.1.5 8.05 60.18 68.23 OK
r-devel-linux-x86_64-debian-gcc 0.1.5 6.19 45.59 51.78 OK
r-devel-linux-x86_64-fedora-clang 0.1.5 85.04 NOTE
r-devel-linux-x86_64-fedora-gcc 0.1.5 81.64 NOTE
r-devel-windows-ix86+x86_64 0.1.5 24.00 83.00 107.00 WARN
r-devel-windows-ix86+x86_64-gcc8 0.1.5 31.00 118.00 149.00 OK
r-patched-linux-x86_64 0.1.5 6.00 52.94 58.94 OK
r-patched-solaris-x86 0.1.5 118.10 NOTE
r-release-linux-x86_64 0.1.5 5.67 52.86 58.53 OK
r-release-windows-ix86+x86_64 0.1.5 19.00 75.00 94.00 OK
r-release-osx-x86_64 0.1.5 NOTE
r-oldrel-windows-ix86+x86_64 0.1.5 10.00 76.00 86.00 OK
r-oldrel-osx-x86_64 0.1.5 NOTE

Check Details

Version: 0.1.5
Check: dependencies in R code
Result: NOTE
    Namespaces in Imports field not imported from:
     ‘shinytest’ ‘testthat’
     All declared Imports should be used.
Flavors: r-devel-linux-x86_64-fedora-clang, r-devel-linux-x86_64-fedora-gcc, r-patched-solaris-x86, r-release-osx-x86_64, r-oldrel-osx-x86_64

Version: 0.1.5
Check: re-building of vignette outputs
Result: WARN
    Error(s) in re-building vignettes:
    --- re-building 'BayesianNetwork.Rmd' using rmarkdown
    pandoc.exe: Could not fetch https://github.com/paulgovan/BayesianNetwork/blob/master/inst/images/Dashboard.PNG?raw=true
    HttpExceptionRequest Request {
     host = "github.com"
     port = 443
     secure = True
     requestHeaders = []
     path = "/paulgovan/BayesianNetwork/blob/master/inst/images/Dashboard.PNG"
     queryString = "?raw=true"
     method = "GET"
     proxy = Nothing
     rawBody = False
     redirectCount = 10
     responseTimeout = ResponseTimeoutDefault
     requestVersion = HTTP/1.1
    }
     (ConnectionFailure getAddrInfo: does not exist (error 11001))
    Error: processing vignette 'BayesianNetwork.Rmd' failed with diagnostics:
    pandoc document conversion failed with error 67
    --- failed re-building 'BayesianNetwork.Rmd'
    
    SUMMARY: processing the following file failed:
     'BayesianNetwork.Rmd'
    
    Error: Vignette re-building failed.
    Execution halted
Flavor: r-devel-windows-ix86+x86_64