CRAN Package Check Results for Package BoSSA

Last updated on 2020-02-15 01:01:19 CET.

Flavor Version Tinstall Tcheck Ttotal Status Flags
r-devel-linux-x86_64-debian-clang 3.6 11.26 154.84 166.10 NOTE
r-devel-linux-x86_64-debian-gcc 3.6 9.87 112.41 122.28 NOTE
r-devel-linux-x86_64-fedora-clang 3.6 196.04 NOTE
r-devel-linux-x86_64-fedora-gcc 3.6 193.27 NOTE
r-devel-windows-ix86+x86_64 3.6 22.00 203.00 225.00 OK
r-devel-windows-ix86+x86_64-gcc8 3.6 28.00 241.00 269.00 OK
r-patched-linux-x86_64 3.6 8.17 135.58 143.75 OK
r-patched-solaris-x86 3.6 244.50 OK
r-release-linux-x86_64 3.6 9.72 139.95 149.67 OK
r-release-windows-ix86+x86_64 3.6 17.00 171.00 188.00 OK
r-release-osx-x86_64 3.6 OK
r-oldrel-windows-ix86+x86_64 3.6 14.00 125.00 139.00 WARN
r-oldrel-osx-x86_64 3.6 OK

Check Details

Version: 3.6
Check: for non-standard things in the check directory
Result: NOTE
    Found the following files/directories:
     'for_krona.txt' 'test.jplace'
Flavors: r-devel-linux-x86_64-debian-clang, r-devel-linux-x86_64-debian-gcc, r-devel-linux-x86_64-fedora-clang, r-devel-linux-x86_64-fedora-gcc

Version: 3.6
Check: re-building of vignette outputs
Result: WARN
    Error in re-building vignettes:
     ...
    Quitting from lines 48-50 (bossa-refpkg.Rmd)
    Error: processing vignette 'bossa-refpkg.Rmd' failed with diagnostics:
    HTTP failure: 500
    {"error":"error while forwarding to eutils","api-key":"129.217.207.166","type":"ip","status":"ok"}
    Execution halted
Flavor: r-oldrel-windows-ix86+x86_64