Last updated on 2020-02-15 01:01:20 CET.
Flavor | Version | Tinstall | Tcheck | Ttotal | Status | Flags |
---|---|---|---|---|---|---|
r-devel-linux-x86_64-debian-clang | 1.0.16 | 4.22 | 106.16 | 110.38 | OK | |
r-devel-linux-x86_64-debian-gcc | 1.0.16 | 3.02 | 84.51 | 87.53 | OK | |
r-devel-linux-x86_64-fedora-clang | 1.0.16 | 134.89 | NOTE | |||
r-devel-linux-x86_64-fedora-gcc | 1.0.16 | 131.36 | OK | |||
r-devel-windows-ix86+x86_64 | 1.0.16 | 9.00 | 82.00 | 91.00 | OK | |
r-devel-windows-ix86+x86_64-gcc8 | 1.0.15 | 17.00 | 100.00 | 117.00 | OK | |
r-patched-linux-x86_64 | 1.0.16 | 3.28 | 94.86 | 98.14 | OK | |
r-patched-solaris-x86 | 1.0.16 | 93.70 | OK | |||
r-release-linux-x86_64 | 1.0.16 | 2.78 | 97.91 | 100.69 | OK | |
r-release-windows-ix86+x86_64 | 1.0.16 | 6.00 | 72.00 | 78.00 | OK | |
r-release-osx-x86_64 | 1.0.16 | OK | ||||
r-oldrel-windows-ix86+x86_64 | 1.0.16 | 9.00 | 101.00 | 110.00 | OK | |
r-oldrel-osx-x86_64 | 1.0.16 | OK |
Version: 1.0.16
Check: package dependencies
Result: NOTE
Suggests orphaned package: ‘smoof’
Flavor: r-devel-linux-x86_64-fedora-clang