Last updated on 2020-02-15 01:01:20 CET.
Flavor | Version | Tinstall | Tcheck | Ttotal | Status | Flags |
---|---|---|---|---|---|---|
r-devel-linux-x86_64-debian-clang | 0.74 | 24.25 | 53.82 | 78.07 | OK | |
r-devel-linux-x86_64-debian-gcc | 0.74 | 19.79 | 41.15 | 60.94 | OK | |
r-devel-linux-x86_64-fedora-clang | 0.74 | 99.45 | NOTE | |||
r-devel-linux-x86_64-fedora-gcc | 0.74 | 104.27 | NOTE | |||
r-devel-windows-ix86+x86_64 | 0.74 | 48.00 | 105.00 | 153.00 | OK | |
r-devel-windows-ix86+x86_64-gcc8 | 0.74 | 56.00 | 129.00 | 185.00 | OK | |
r-patched-linux-x86_64 | 0.74 | 18.08 | 47.69 | 65.77 | OK | |
r-patched-solaris-x86 | 0.74 | 115.80 | OK | |||
r-release-linux-x86_64 | 0.74 | 21.95 | 48.33 | 70.28 | OK | |
r-release-windows-ix86+x86_64 | 0.74 | 36.00 | 109.00 | 145.00 | OK | |
r-release-osx-x86_64 | 0.74 | OK | ||||
r-oldrel-windows-ix86+x86_64 | 0.74 | 32.00 | 115.00 | 147.00 | OK | |
r-oldrel-osx-x86_64 | 0.74 | OK |
Version: 0.74
Check: compiled code
Result: NOTE
File ‘CAMAN/libs/CAMAN.so’:
Found no calls to: ‘R_registerRoutines’, ‘R_useDynamicSymbols’
It is good practice to register native routines and to disable symbol
search.
See ‘Writing portable packages’ in the ‘Writing R Extensions’ manual.
Flavors: r-devel-linux-x86_64-fedora-clang, r-devel-linux-x86_64-fedora-gcc