Last updated on 2020-02-15 01:01:20 CET.
Flavor | Version | Tinstall | Tcheck | Ttotal | Status | Flags |
---|---|---|---|---|---|---|
r-devel-linux-x86_64-debian-clang | 0.1.0 | 9.21 | 82.76 | 91.97 | NOTE | |
r-devel-linux-x86_64-debian-gcc | 0.1.0 | 7.43 | 62.59 | 70.02 | NOTE | |
r-devel-linux-x86_64-fedora-clang | 0.1.0 | 111.51 | OK | |||
r-devel-linux-x86_64-fedora-gcc | 0.1.0 | 124.42 | OK | |||
r-devel-windows-ix86+x86_64 | 0.1.0 | 19.00 | 101.00 | 120.00 | NOTE | |
r-devel-windows-ix86+x86_64-gcc8 | 0.1.0 | 23.00 | 122.00 | 145.00 | NOTE | |
r-patched-linux-x86_64 | 0.1.0 | 7.81 | 74.27 | 82.08 | OK | |
r-patched-solaris-x86 | 0.1.0 | 177.80 | OK | |||
r-release-linux-x86_64 | 0.1.0 | 6.77 | 74.22 | 80.99 | OK | |
r-release-windows-ix86+x86_64 | 0.1.0 | 15.00 | 82.00 | 97.00 | OK | |
r-release-osx-x86_64 | 0.1.0 | OK | ||||
r-oldrel-windows-ix86+x86_64 | 0.1.0 | 10.00 | 104.00 | 114.00 | OK | |
r-oldrel-osx-x86_64 | 0.1.0 | OK |
Version: 0.1.0
Check: package vignettes
Result: NOTE
Package vignette with placeholder title 'Vignette Title':
'CISE_vignette.Rmd'
Flavors: r-devel-linux-x86_64-debian-clang, r-devel-linux-x86_64-debian-gcc, r-devel-windows-ix86+x86_64, r-devel-windows-ix86+x86_64-gcc8