CRAN Package Check Results for Package COUSCOus

Last updated on 2020-02-15 01:01:21 CET.

Flavor Version Tinstall Tcheck Ttotal Status Flags
r-devel-linux-x86_64-debian-clang 1.0.0 4.80 29.11 33.91 OK
r-devel-linux-x86_64-debian-gcc 1.0.0 3.24 23.70 26.94 OK
r-devel-linux-x86_64-fedora-clang 1.0.0 42.73 NOTE
r-devel-linux-x86_64-fedora-gcc 1.0.0 43.32 NOTE
r-devel-windows-ix86+x86_64 1.0.0 15.00 61.00 76.00 OK
r-devel-windows-ix86+x86_64-gcc8 1.0.0 25.00 78.00 103.00 OK
r-patched-linux-x86_64 1.0.0 3.29 27.40 30.69 OK
r-patched-solaris-x86 1.0.0 64.80 OK
r-release-linux-x86_64 1.0.0 3.34 27.86 31.20 OK
r-release-windows-ix86+x86_64 1.0.0 12.00 55.00 67.00 OK
r-release-osx-x86_64 1.0.0 OK
r-oldrel-windows-ix86+x86_64 1.0.0 11.00 70.00 81.00 OK
r-oldrel-osx-x86_64 1.0.0 OK

Check Details

Version: 1.0.0
Check: compiled code
Result: NOTE
    File ‘COUSCOus/libs/COUSCOus.so’:
     Found no calls to: ‘R_registerRoutines’, ‘R_useDynamicSymbols’
    
    It is good practice to register native routines and to disable symbol
    search.
    
    See ‘Writing portable packages’ in the ‘Writing R Extensions’ manual.
Flavors: r-devel-linux-x86_64-fedora-clang, r-devel-linux-x86_64-fedora-gcc