Last updated on 2020-02-15 01:01:20 CET.
Flavor | Version | Tinstall | Tcheck | Ttotal | Status | Flags |
---|---|---|---|---|---|---|
r-devel-linux-x86_64-debian-clang | 1.3.0 | 12.59 | 147.48 | 160.07 | NOTE | |
r-devel-linux-x86_64-debian-gcc | 1.3.0 | 9.89 | 107.94 | 117.83 | NOTE | |
r-devel-linux-x86_64-fedora-clang | 1.3.0 | 190.32 | NOTE | |||
r-devel-linux-x86_64-fedora-gcc | 1.3.0 | 196.39 | NOTE | |||
r-devel-windows-ix86+x86_64 | 1.3.0 | 19.00 | 164.00 | 183.00 | OK | |
r-devel-windows-ix86+x86_64-gcc8 | 1.3.0 | 27.00 | 201.00 | 228.00 | OK | |
r-patched-linux-x86_64 | 1.3.0 | 11.65 | 128.59 | 140.24 | OK | |
r-patched-solaris-x86 | 1.3.0 | 250.70 | OK | |||
r-release-linux-x86_64 | 1.3.0 | 9.05 | 129.52 | 138.57 | OK | |
r-release-windows-ix86+x86_64 | 1.3.0 | 18.00 | 143.00 | 161.00 | OK | |
r-release-osx-x86_64 | 1.3.0 | OK | ||||
r-oldrel-windows-ix86+x86_64 | 1.3.0 | 14.00 | 148.00 | 162.00 | OK | |
r-oldrel-osx-x86_64 | 1.3.0 | OK |
Version: 1.3.0
Check: for non-standard things in the check directory
Result: NOTE
Found the following files/directories:
'MDA231_tree.pdf'
Flavors: r-devel-linux-x86_64-debian-clang, r-devel-linux-x86_64-debian-gcc, r-devel-linux-x86_64-fedora-clang, r-devel-linux-x86_64-fedora-gcc