Last updated on 2020-02-15 01:01:20 CET.
Flavor | Version | Tinstall | Tcheck | Ttotal | Status | Flags |
---|---|---|---|---|---|---|
r-devel-linux-x86_64-debian-clang | 0.4 | 7.22 | 52.89 | 60.11 | OK | |
r-devel-linux-x86_64-debian-gcc | 0.4 | 6.65 | 40.90 | 47.55 | OK | |
r-devel-linux-x86_64-fedora-clang | 0.4 | 73.77 | OK | |||
r-devel-linux-x86_64-fedora-gcc | 0.4 | 76.01 | OK | |||
r-devel-windows-ix86+x86_64 | 0.4 | 20.00 | 73.00 | 93.00 | OK | |
r-devel-windows-ix86+x86_64-gcc8 | 0.4 | 33.00 | 88.00 | 121.00 | OK | |
r-patched-linux-x86_64 | 0.4 | 5.72 | 46.44 | 52.16 | OK | |
r-patched-solaris-x86 | 0.4 | 96.60 | OK | |||
r-release-linux-x86_64 | 0.4 | 5.76 | 47.12 | 52.88 | OK | |
r-release-windows-ix86+x86_64 | 0.4 | 17.00 | 66.00 | 83.00 | OK | |
r-release-osx-x86_64 | 0.4 | WARN | ||||
r-oldrel-windows-ix86+x86_64 | 0.4 | 8.00 | 67.00 | 75.00 | OK | |
r-oldrel-osx-x86_64 | 0.4 | OK |
Version: 0.4
Check: whether package can be installed
Result: WARN
Found the following significant warnings:
Warning: 'rgl_init' failed, running with rgl.useNULL = TRUE
Flavor: r-release-osx-x86_64