Last updated on 2020-02-15 01:01:20 CET.
Flavor | Version | Tinstall | Tcheck | Ttotal | Status | Flags |
---|---|---|---|---|---|---|
r-devel-linux-x86_64-debian-clang | 0.0-4 | 4.33 | 37.45 | 41.78 | OK | |
r-devel-linux-x86_64-debian-gcc | 0.0-4 | 3.35 | 28.62 | 31.97 | OK | |
r-devel-linux-x86_64-fedora-clang | 0.0-4 | 50.19 | OK | |||
r-devel-linux-x86_64-fedora-gcc | 0.0-4 | 52.21 | OK | |||
r-devel-windows-ix86+x86_64 | 0.0-4 | 9.00 | 52.00 | 61.00 | OK | |
r-devel-windows-ix86+x86_64-gcc8 | 0.0-4 | 11.00 | 63.00 | 74.00 | OK | |
r-patched-linux-x86_64 | 0.0-4 | 3.18 | 33.20 | 36.38 | OK | |
r-release-linux-x86_64 | 0.0-4 | 2.94 | 34.17 | 37.11 | OK | |
r-release-windows-ix86+x86_64 | 0.0-4 | 10.00 | 46.00 | 56.00 | OK | |
r-release-osx-x86_64 | 0.0-4 | NOTE | ||||
r-oldrel-windows-ix86+x86_64 | 0.0-4 | 5.00 | 61.00 | 66.00 | OK | |
r-oldrel-osx-x86_64 | 0.0-4 | OK |
Version: 0.0-4
Check: package dependencies
Result: NOTE
Packages suggested but not available for checking: 'graph', 'Rgraphviz'
Flavor: r-release-osx-x86_64