Last updated on 2020-02-15 01:01:21 CET.
Flavor | Version | Tinstall | Tcheck | Ttotal | Status | Flags |
---|---|---|---|---|---|---|
r-devel-linux-x86_64-debian-clang | 3.5.4 | 146.56 | 150.19 | 296.75 | OK | |
r-devel-linux-x86_64-debian-gcc | 3.5.4 | 101.90 | 113.41 | 215.31 | OK | |
r-devel-linux-x86_64-fedora-clang | 3.5.4 | 387.97 | NOTE | |||
r-devel-linux-x86_64-fedora-gcc | 3.5.4 | 407.54 | OK | |||
r-devel-windows-ix86+x86_64 | 3.5.4 | 298.00 | 238.00 | 536.00 | NOTE | |
r-devel-windows-ix86+x86_64-gcc8 | 3.5.4 | 410.00 | 295.00 | 705.00 | NOTE | |
r-patched-linux-x86_64 | 3.5.4 | 116.14 | 130.38 | 246.52 | OK | |
r-patched-solaris-x86 | 3.5.4 | 401.00 | OK | |||
r-release-linux-x86_64 | 3.5.4 | 114.80 | 130.22 | 245.02 | OK | |
r-release-windows-ix86+x86_64 | 3.5.4 | 254.00 | 194.00 | 448.00 | NOTE | |
r-release-osx-x86_64 | 3.5.4 | NOTE | ||||
r-oldrel-windows-ix86+x86_64 | 3.5.4 | 213.00 | 188.00 | 401.00 | NOTE | |
r-oldrel-osx-x86_64 | 3.5.4 | NOTE |
Version: 3.5.4
Check: installed package size
Result: NOTE
installed size is 8.9Mb
sub-directories of 1Mb or more:
doc 2.0Mb
libs 6.0Mb
Flavors: r-devel-linux-x86_64-fedora-clang, r-devel-windows-ix86+x86_64, r-devel-windows-ix86+x86_64-gcc8, r-release-windows-ix86+x86_64, r-release-osx-x86_64, r-oldrel-windows-ix86+x86_64, r-oldrel-osx-x86_64