Last updated on 2020-02-15 01:01:22 CET.
Flavor | Version | Tinstall | Tcheck | Ttotal | Status | Flags |
---|---|---|---|---|---|---|
r-devel-linux-x86_64-debian-clang | 0.1.1 | 4.90 | 36.17 | 41.07 | OK | |
r-devel-linux-x86_64-debian-gcc | 0.1.1 | 3.96 | 29.32 | 33.28 | OK | |
r-devel-linux-x86_64-fedora-clang | 0.1.1 | 51.93 | OK | |||
r-devel-linux-x86_64-fedora-gcc | 0.1.1 | 54.35 | OK | |||
r-devel-windows-ix86+x86_64 | 0.1.1 | 11.00 | 52.00 | 63.00 | OK | |
r-devel-windows-ix86+x86_64-gcc8 | 0.1.1 | 13.00 | 72.00 | 85.00 | OK | |
r-patched-linux-x86_64 | 0.1.1 | 4.03 | 32.75 | 36.78 | OK | |
r-patched-solaris-x86 | 0.1.1 | 74.10 | OK | |||
r-release-linux-x86_64 | 0.1.1 | 3.64 | 32.62 | 36.26 | OK | |
r-release-windows-ix86+x86_64 | 0.1.1 | 9.00 | 50.00 | 59.00 | OK | |
r-release-osx-x86_64 | 0.1.1 | FAIL | ||||
r-oldrel-windows-ix86+x86_64 | 0.1.1 | 4.00 | 48.00 | 52.00 | OK | |
r-oldrel-osx-x86_64 | 0.1.1 | OK |
Version: 0.1.1
Check: whether package can be installed
Result: FAIL
Flavor: r-release-osx-x86_64