Last updated on 2020-02-15 01:01:22 CET.
Flavor | Version | Tinstall | Tcheck | Ttotal | Status | Flags |
---|---|---|---|---|---|---|
r-devel-linux-x86_64-debian-clang | 1.0 | 8.12 | 57.87 | 65.99 | OK | |
r-devel-linux-x86_64-debian-gcc | 1.0 | 6.42 | 45.99 | 52.41 | OK | |
r-devel-linux-x86_64-fedora-clang | 1.0 | 80.27 | WARN | |||
r-devel-linux-x86_64-fedora-gcc | 1.0 | 88.10 | OK | |||
r-devel-windows-ix86+x86_64 | 1.0 | 15.00 | 76.00 | 91.00 | OK | |
r-devel-windows-ix86+x86_64-gcc8 | 1.0 | 21.00 | 89.00 | 110.00 | OK | |
r-patched-linux-x86_64 | 1.0 | 5.83 | 52.01 | 57.84 | OK | |
r-patched-solaris-x86 | 1.0 | 117.80 | OK | |||
r-release-linux-x86_64 | 1.0 | 5.48 | 52.08 | 57.56 | OK | |
r-release-windows-ix86+x86_64 | 1.0 | 14.00 | 74.00 | 88.00 | OK | |
r-release-osx-x86_64 | 1.0 | OK | ||||
r-oldrel-windows-ix86+x86_64 | 1.0 | 6.00 | 87.00 | 93.00 | OK | |
r-oldrel-osx-x86_64 | 1.0 | OK |
Version: 1.0
Check: package dependencies
Result: WARN
Requires orphaned package: ‘flare’
Flavor: r-devel-linux-x86_64-fedora-clang