Last updated on 2020-02-15 01:01:22 CET.
Flavor | Version | Tinstall | Tcheck | Ttotal | Status | Flags |
---|---|---|---|---|---|---|
r-devel-linux-x86_64-debian-clang | 1.5.0 | 444.01 | 318.63 | 762.64 | NOTE | |
r-devel-linux-x86_64-debian-gcc | 1.5.0 | 426.82 | 255.24 | 682.06 | NOTE | |
r-devel-linux-x86_64-fedora-clang | 1.5.0 | 1107.68 | NOTE | |||
r-devel-linux-x86_64-fedora-gcc | 1.5.0 | 1202.79 | NOTE | |||
r-devel-windows-ix86+x86_64 | 1.5.0 | 828.00 | 428.00 | 1256.00 | NOTE | |
r-devel-windows-ix86+x86_64-gcc8 | 1.5.0 | 1165.00 | 471.00 | 1636.00 | NOTE | |
r-patched-linux-x86_64 | 1.5.0 | 453.17 | 293.10 | 746.27 | NOTE | |
r-patched-solaris-x86 | 1.5.0 | 1084.80 | NOTE | |||
r-release-linux-x86_64 | 1.5.0 | 439.61 | 295.54 | 735.15 | NOTE | |
r-release-windows-ix86+x86_64 | 1.5.0 | 723.00 | 374.00 | 1097.00 | NOTE | |
r-release-osx-x86_64 | 1.5.0 | NOTE | ||||
r-oldrel-windows-ix86+x86_64 | 1.5.0 | 724.00 | 359.00 | 1083.00 | NOTE | |
r-oldrel-osx-x86_64 | 1.5.0 | NOTE |
Version: 1.5.0
Check: for GNU extensions in Makefiles
Result: NOTE
GNU make is a SystemRequirements.
Flavors: r-devel-linux-x86_64-debian-clang, r-devel-linux-x86_64-debian-gcc, r-devel-linux-x86_64-fedora-clang, r-devel-linux-x86_64-fedora-gcc, r-devel-windows-ix86+x86_64, r-devel-windows-ix86+x86_64-gcc8, r-patched-linux-x86_64, r-patched-solaris-x86, r-release-linux-x86_64, r-release-windows-ix86+x86_64, r-release-osx-x86_64, r-oldrel-windows-ix86+x86_64, r-oldrel-osx-x86_64
Version: 1.5.0
Check: installed package size
Result: NOTE
installed size is 80.9Mb
sub-directories of 1Mb or more:
libs 78.1Mb
Flavors: r-devel-linux-x86_64-fedora-clang, r-devel-windows-ix86+x86_64, r-devel-windows-ix86+x86_64-gcc8, r-patched-solaris-x86, r-release-windows-ix86+x86_64, r-release-osx-x86_64, r-oldrel-windows-ix86+x86_64, r-oldrel-osx-x86_64
Version: 1.5.0
Check: top-level files
Result: NOTE
‘configure’: /bin/bash is not portable
Flavors: r-devel-linux-x86_64-fedora-clang, r-devel-linux-x86_64-fedora-gcc
Version: 1.5.0
Check: dependencies in R code
Result: NOTE
Namespace in Imports field not imported from: ‘lattice’
All declared Imports should be used.
Flavors: r-devel-linux-x86_64-fedora-clang, r-devel-linux-x86_64-fedora-gcc, r-patched-solaris-x86, r-release-osx-x86_64, r-oldrel-osx-x86_64