CRAN Package Check Results for Package EBglmnet

Last updated on 2020-02-15 01:01:23 CET.

Flavor Version Tinstall Tcheck Ttotal Status Flags
r-devel-linux-x86_64-debian-clang 4.1 12.38 83.47 95.85 OK
r-devel-linux-x86_64-debian-gcc 4.1 9.16 65.52 74.68 OK
r-devel-linux-x86_64-fedora-clang 4.1 118.77 NOTE
r-devel-linux-x86_64-fedora-gcc 4.1 128.39 NOTE
r-devel-windows-ix86+x86_64 4.1 29.00 110.00 139.00 OK
r-devel-windows-ix86+x86_64-gcc8 4.1 39.00 133.00 172.00 OK
r-patched-linux-x86_64 4.1 10.66 78.28 88.94 OK
r-patched-solaris-x86 4.1 252.00 OK
r-release-linux-x86_64 4.1 9.79 77.91 87.70 OK
r-release-windows-ix86+x86_64 4.1 26.00 100.00 126.00 OK
r-release-osx-x86_64 4.1 OK
r-oldrel-windows-ix86+x86_64 4.1 26.00 103.00 129.00 OK
r-oldrel-osx-x86_64 4.1 OK

Check Details

Version: 4.1
Check: compiled code
Result: NOTE
    File ‘EBglmnet/libs/EBglmnet.so’:
     Found no calls to: ‘R_registerRoutines’, ‘R_useDynamicSymbols’
    
    It is good practice to register native routines and to disable symbol
    search.
    
    See ‘Writing portable packages’ in the ‘Writing R Extensions’ manual.
Flavors: r-devel-linux-x86_64-fedora-clang, r-devel-linux-x86_64-fedora-gcc