Last updated on 2020-02-15 01:01:23 CET.
Flavor | Version | Tinstall | Tcheck | Ttotal | Status | Flags |
---|---|---|---|---|---|---|
r-devel-linux-x86_64-debian-clang | 0.9.1 | 14.39 | 177.50 | 191.89 | OK | |
r-devel-linux-x86_64-debian-gcc | 0.9.1 | 12.00 | 130.41 | 142.41 | OK | |
r-devel-linux-x86_64-fedora-clang | 0.9.1 | 232.42 | OK | |||
r-devel-linux-x86_64-fedora-gcc | 0.9.1 | 229.05 | OK | |||
r-devel-windows-ix86+x86_64 | 0.9.1 | 36.00 | 207.00 | 243.00 | OK | |
r-devel-windows-ix86+x86_64-gcc8 | 0.9.0 | 60.00 | 8.00 | 68.00 | ERROR | |
r-patched-linux-x86_64 | 0.9.1 | 12.80 | 153.31 | 166.11 | OK | |
r-patched-solaris-x86 | 0.9.1 | 318.50 | OK | |||
r-release-linux-x86_64 | 0.9.1 | 13.69 | 152.24 | 165.93 | OK | |
r-release-windows-ix86+x86_64 | 0.9.1 | 30.00 | 173.00 | 203.00 | OK | |
r-release-osx-x86_64 | 0.9.1 | OK | ||||
r-oldrel-windows-ix86+x86_64 | 0.9.1 | 22.00 | 161.00 | 183.00 | OK | |
r-oldrel-osx-x86_64 | 0.9.1 | OK |
Version: 0.9.0
Check: package dependencies
Result: ERROR
Package required and available but unsuitable version: 'tidyselect'
See section 'The DESCRIPTION file' in the 'Writing R Extensions'
manual.
Flavor: r-devel-windows-ix86+x86_64-gcc8