Last updated on 2020-02-15 01:01:24 CET.
Flavor | Version | Tinstall | Tcheck | Ttotal | Status | Flags |
---|---|---|---|---|---|---|
r-devel-linux-x86_64-debian-clang | 1.4.0 | 21.40 | 280.20 | 301.60 | WARN | |
r-devel-linux-x86_64-debian-gcc | 1.4.0 | 18.21 | 212.57 | 230.78 | WARN | |
r-devel-linux-x86_64-fedora-clang | 1.4.0 | 360.05 | WARN | |||
r-devel-linux-x86_64-fedora-gcc | 1.4.0 | 369.61 | WARN | |||
r-devel-windows-ix86+x86_64 | 1.4.0 | 47.00 | 290.00 | 337.00 | NOTE | |
r-devel-windows-ix86+x86_64-gcc8 | 1.4.0 | 70.00 | 401.00 | 471.00 | NOTE | |
r-patched-linux-x86_64 | 1.4.0 | 18.34 | 247.42 | 265.76 | WARN | |
r-patched-solaris-x86 | 1.4.0 | 458.60 | WARN | |||
r-release-linux-x86_64 | 1.4.0 | 20.91 | 249.37 | 270.28 | OK | |
r-release-windows-ix86+x86_64 | 1.4.0 | 36.00 | 244.00 | 280.00 | NOTE | |
r-release-osx-x86_64 | 1.4.0 | NOTE | ||||
r-oldrel-windows-ix86+x86_64 | 1.4.0 | 26.00 | 227.00 | 253.00 | NOTE | |
r-oldrel-osx-x86_64 | 1.4.0 | NOTE |
Version: 1.4.0
Check: Rd \usage sections
Result: WARN
Documented arguments not in \usage in documentation object 'fan.algorithm':
'...'
Functions with \usage entries need to have the appropriate \alias
entries, and all their arguments documented.
The \usage entries must correspond to syntactically valid R code.
See chapter 'Writing R documentation files' in the 'Writing R
Extensions' manual.
Flavors: r-devel-linux-x86_64-debian-clang, r-devel-linux-x86_64-debian-gcc, r-devel-linux-x86_64-fedora-clang, r-devel-linux-x86_64-fedora-gcc, r-patched-linux-x86_64, r-patched-solaris-x86
Version: 1.4.0
Check: installed package size
Result: NOTE
installed size is 5.9Mb
sub-directories of 1Mb or more:
doc 4.6Mb
Flavors: r-devel-linux-x86_64-fedora-clang, r-devel-windows-ix86+x86_64, r-devel-windows-ix86+x86_64-gcc8, r-patched-solaris-x86, r-release-windows-ix86+x86_64, r-release-osx-x86_64, r-oldrel-windows-ix86+x86_64, r-oldrel-osx-x86_64
Version: 1.4.0
Check: dependencies in R code
Result: NOTE
Namespace in Imports field not imported from: ‘pROC’
All declared Imports should be used.
Flavors: r-devel-linux-x86_64-fedora-clang, r-devel-linux-x86_64-fedora-gcc, r-patched-solaris-x86, r-release-osx-x86_64, r-oldrel-osx-x86_64