CRAN Package Check Results for Package FactoClass

Last updated on 2020-02-15 01:01:24 CET.

Flavor Version Tinstall Tcheck Ttotal Status Flags
r-devel-linux-x86_64-debian-clang 1.2.7 10.25 58.64 68.89 NOTE
r-devel-linux-x86_64-debian-gcc 1.2.7 6.60 44.00 50.60 NOTE
r-devel-linux-x86_64-fedora-clang 1.2.7 83.02 NOTE
r-devel-linux-x86_64-fedora-gcc 1.2.7 79.47 NOTE
r-devel-windows-ix86+x86_64 1.2.7 24.00 104.00 128.00 OK
r-devel-windows-ix86+x86_64-gcc8 1.2.7 30.00 149.00 179.00 OK
r-patched-linux-x86_64 1.2.7 7.18 51.12 58.30 OK
r-patched-solaris-x86 1.2.7 113.10 OK
r-release-linux-x86_64 1.2.7 6.66 51.45 58.11 OK
r-release-windows-ix86+x86_64 1.2.7 19.00 85.00 104.00 OK
r-release-osx-x86_64 1.2.7 OK
r-oldrel-windows-ix86+x86_64 1.2.7 12.00 84.00 96.00 OK
r-oldrel-osx-x86_64 1.2.7 OK

Check Details

Version: 1.2.7
Check: for non-standard things in the check directory
Result: NOTE
    Found the following files/directories:
     'Bogota.tex' 'DogBreeds1.tex'
Flavors: r-devel-linux-x86_64-debian-clang, r-devel-linux-x86_64-debian-gcc, r-devel-linux-x86_64-fedora-clang, r-devel-linux-x86_64-fedora-gcc